{"id":1989,"date":"2022-12-05T23:34:55","date_gmt":"2022-12-05T22:34:55","guid":{"rendered":"https:\/\/www.zooaustria.com\/zooaustria\/?page_id=1989"},"modified":"2023-12-26T09:59:01","modified_gmt":"2023-12-26T08:59:01","slug":"fragen-reptil","status":"publish","type":"page","link":"https:\/\/www.zooaustria.com\/zooaustria\/fragen-reptil\/","title":{"rendered":"H\u00e4ufige Fragen"},"content":{"rendered":"<h3>Weshalb verschickt Zoo Austria keine Tiere?<\/h3>\n<p>Wir haben in der Vergangenheit <strong><span style=\"color: #008000;\">keine guten Erfahrungen mit Lieferdiensten<\/span> <\/strong>gemacht. Reptilien und Amphibien sind sehr empfindlich gegen\u00fcber klimatischen Schwankungen, da kann es vorkommen dass, das Tier sein Ziel nicht lebend erreicht. <strong><span style=\"color: #008000;\">Um Tierleid zu verhindern und dir m\u00f6glicherweise eine schlimme Erfahrung zu ersparen<\/span><\/strong>, kannst du die Tiere nur vor Ort bei uns erwerben.<\/p>\n<p>Da wir ein seri\u00f6ses Unternehmen sind, ist es uns wichtig, dass du dich selbst vom <strong><span style=\"color: #008000;\">Gesundheitszustand des Tieres\u00a0<\/span><\/strong> \u00fcberzeugen kannst und <strong><span style=\"color: #008000;\">genau die Echse, Bartagame, Skink, Frosch uvm. bekommst, die du dir w\u00fcnscht.<\/span> <\/strong>Wenn du ein Tier online erwirbst und dann schicken l\u00e4sst, kann es da zu vielen b\u00f6sen \u00dcberraschungen kommen.<\/p>\n<h3>Herkunftsnachweis und CITES-Papiere<\/h3>\n<ul>\n<li><strong><span style=\"color: #008000;\">\u00a0Herkunftsnachweis <\/span><\/strong><\/li>\n<\/ul>\n<p>F\u00fcr Reptilien, Amphibien und Spinnen ist ein Dokument, das detaillierte Informationen \u00fcber die Herkunft (Ursprung und Nachzucht) des erworbenen Tieres bis zum aktuellen Aufenthaltsort bereitstellt. Er best\u00e4tigt, dass das betreffende Tier auf legale Weise gehandelt wurde.<\/p>\n<ul>\n<li><span style=\"color: #008000;\"><strong style=\"font-size: 16px;\">CITES &#8211; Papiere\u00a0<\/strong><\/span><\/li>\n<\/ul>\n<p>CITES steht f\u00fcr das &#8220;\u00dcbereinkommen \u00fcber den internationalen Handel mit gef\u00e4hrdeten Arten freilebender Tiere und Pflanzen&#8221; (Convention on International Trade in Endangered Species of Wild Fauna and Flora). Es handelt sich um ein internationales Abkommen, das den grenz\u00fcberschreitenden Handel mit wildlebenden Tieren und Pflanzen reguliert, um deren \u00dcberleben nicht zu gef\u00e4hrden.<br \/>\nCITES-Papiere, auch als CITES-Zertifikate bekannt, sind offizielle Dokumente, die die legale Herkunft und den legalen Handel mit bestimmten Arten best\u00e4tigen.<\/p>\n<p><strong><span style=\"color: #008000;\">Nat\u00fcrlich stellen wir dir beim Erwerb unserer Tiere die entsprechenden Dokumente aus.\u00a0<\/span><\/strong><\/p>\n<h3>Welche Tiere sind in \u00d6sterreich meldepflichtig?<\/h3>\n<p><strong><span style=\"color: #008000;\">In \u00d6sterreich sind alle Reptilien meldepflichtig.<\/span><\/strong> Die Meldung muss an die MA 60 (Veterin\u00e4ramt und Tierschutz)<strong><span style=\"color: #008000;\"> innerhalb von 2 Wochen<\/span> <\/strong>erfolgen. <strong><span style=\"color: #008000;\">Die Anmeldepflicht gilt auch f\u00fcr alle Wildtiere.<\/span><\/strong> Zu den Wildtieren z\u00e4hlen auch <strong><span style=\"color: #008000;\">Amphibien wie Fr\u00f6sche, Salamander, Lurche\u00a0 als auch inzwischen f\u00fcr Vogelspinnen<\/span><\/strong>. Die Anmeldung geht schnell und unkompliziert.<\/p>\n<p><strong>Bekannt zu geben sind:<\/strong><\/p>\n<ol>\n<li>der Name (des Halters)<\/li>\n<li>Bezeichnung welches Tier<\/li>\n<li>Anzahl der Tiere<\/li>\n<li>Wohnadresse<\/li>\n<\/ol>\n<p><strong>Informationen zur Wildtier- und Reptilienhaltung in Wien :<\/strong> <span style=\"color: #99cc00;\"><a style=\"color: #99cc00;\" href=\"https:\/\/www.zooaustria.com\/zooaustria\/wp-content\/uploads\/2022\/12\/wildtierbroschuere.pdf\">Wildtierbroschuere<\/a><\/span><\/p>\n<h4>Du\u00a0 wohnst nicht in Wien, hast aber ein Tier bei uns erworben?<\/h4>\n<p>Auch in den anderen Bundesl\u00e4ndern gibt es eine Meldepflicht. Zust\u00e4ndig ist die jeweilige Bezirkshauptmannschaft\/Magistrat.<\/p>\n<h3>Du m\u00f6chtest ein Haustier, aber in deinem Mietvertrag gibt es eine &#8220;generelle Verbotsklausel&#8221;?<\/h3>\n<p><strong><span style=\"color: #008000;\">Generelle Verbotsklauseln f\u00fcr Haustiere sind unzul\u00e4ssig <\/span><\/strong>und sind, auch wenn bereits unterschrieben, unzul\u00e4ssig. Tiere von denen keine Probleme wie L\u00e4rm, Zerst\u00f6rung, Geruchsbel\u00e4stigung usw. ausgehen, wie bestimmte Fr\u00f6sche, Geckos, Echsen uvm. k\u00f6nnen gehalten werden.<\/p>\n<p><strong><span style=\"color: #008000;\">Ein Tierhalteverbot<\/span><\/strong> in einer Wohnung ist<strong><span style=\"color: #008000;\"> wirksam wenn individuelle Klauseln zu einer bestimmten Tierart<\/span><\/strong> festgeschrieben sind. Steht z.B. darin, &#8220;es d\u00fcrfen keine Schlangen gehalten werden&#8221;, ist das <strong><span style=\"color: #008000;\">Verbot rechtskr\u00e4ftig<\/span><\/strong>.<\/p>\n<p><strong><span style=\"color: #008000;\">In Wien<\/span><\/strong> ist, im Gegensatz zu anderen Bundesl\u00e4ndern, <strong><span style=\"color: #008000;\">das Halten von gef\u00e4hrlichen\u00a0 Tieren (bspw. stark giftig) verboten.<\/span><\/strong> Diese Regelung wird von Bundesland zu Bundesland individuell getroffen.<\/p>\n<h3>Muss ich einen Kurs besuchen, bevor ich mir ein Reptil oder Amphibie kaufe?<\/h3>\n<p><strong><span style=\"color: #008000;\">Ja, ab dem 01.01.2023 ben\u00f6tigst du einen Sachkundenachweis in Wien<\/span><\/strong>, um ein Reptil oder Amphibie halten zu d\u00fcrfen. F\u00fcr Insekten und Spinnen ist kein Sachkundenachweis erforderlich. Der Kurs dauert 4 Stunden und kostet einmalig 40\u20ac pro Person. Wenn du vor dem 01.01.2023 <strong><span style=\"color: #008000;\">ein Reptil oder Amphibie<\/span> <\/strong>erworben hast, musst du den <strong><span style=\"color: #008000;\">Kurs nicht nachholen.<\/span><\/strong><\/p>\n<p>Prinzipiell begr\u00fc\u00dfen wir die Einf\u00fchrung eines Sachkundenachweises, da es uns wichtig ist m\u00f6gliches Tierleid, durch falsche Haltungsbedingungen, zu vermeiden. Wir sind mit dem Beh\u00f6rden im Gespr\u00e4ch und hoffen die Kurse f\u00fcr dich in Zukunft anbieten zu k\u00f6nnen.<\/p>\n<p><strong>Anmeldung Reptilien, Vogelspinnen oder Amphibien Veterin\u00e4ramt: <span style=\"color: #99cc00;\"><a style=\"color: #99cc00;\" href=\"https:\/\/www.wien.gv.at\/formularserver2\/user\/formular.aspx?pid=49ffbeeb21ca4fb69bff7796cd4ade93&amp;pn=Bacf059ed3b9842c7892fca237bda6bd1\">Online Anmeldung<\/a><\/span><\/strong><\/p>\n<p><strong>E-Mail Adresse bei Fragen an das Veterin\u00e4ramt: <\/strong><strong style=\"font-size: 16px;\"><a href=\"mailto:post@ma60.wien.gv.at\"><span style=\"color: #99cc00;\">post@ma60.wien.gv.at<\/span><\/a><\/strong><\/p>\n<p><strong>Sachkundenachweis Kurs Voranmeldung: <span style=\"color: #99cc00;\"><a style=\"color: #99cc00;\" href=\"https:\/\/www.exoten-kunde.at\/\">Wiener Sachkundenachweis<\/a><\/span><\/strong><\/p>\n","protected":false},"excerpt":{"rendered":"<p>Weshalb verschickt Zoo Austria keine Tiere? Wir haben in der Vergangenheit keine guten Erfahrungen mit Lieferdiensten gemacht. Reptilien und Amphibien sind sehr empfindlich gegen\u00fcber klimatischen Schwankungen, da kann es vorkommen dass, das Tier sein Ziel nicht lebend erreicht. Um Tierleid zu verhindern und dir m\u00f6glicherweise eine schlimme Erfahrung zu ersparen, kannst du die Tiere nur &hellip;<\/p>\n<p class=\"read-more\"> <a class=\"\" href=\"https:\/\/www.zooaustria.com\/zooaustria\/fragen-reptil\/\"> <span class=\"screen-reader-text\">H\u00e4ufige Fragen<\/span> Weiterlesen &raquo;<\/a><\/p>\n","protected":false},"author":3,"featured_media":0,"parent":0,"menu_order":0,"comment_status":"closed","ping_status":"closed","template":"","meta":{"site-sidebar-layout":"default","site-content-layout":"default","ast-global-header-display":"","ast-banner-title-visibility":"","ast-main-header-display":"","ast-hfb-above-header-display":"","ast-hfb-below-header-display":"","ast-hfb-mobile-header-display":"","site-post-title":"","ast-breadcrumbs-content":"","ast-featured-img":"","footer-sml-layout":"","theme-transparent-header-meta":"default","adv-header-id-meta":"","stick-header-meta":"","header-above-stick-meta":"","header-main-stick-meta":"","header-below-stick-meta":""},"yoast_head":"<!-- This site is optimized with the Yoast SEO plugin v21.1 - https:\/\/yoast.com\/wordpress\/plugins\/seo\/ -->\n<title>H\u00e4ufige Fragen - Zoo Austria - Ihr Profi f\u00fcr Terraristik Terraristikshop \u00d6sterreich<\/title>\n<meta name=\"description\" content=\"Hier findest du wichtige Informationen. Musst du dein Reptil, Amphibie anmelden, versendet Zoo Austria Reptilien und Amphibien,.....\" \/>\n<meta name=\"robots\" content=\"index, follow, max-snippet:-1, max-image-preview:large, max-video-preview:-1\" \/>\n<link rel=\"canonical\" href=\"https:\/\/www.zooaustria.com\/zooaustria\/fragen-reptil\/\" \/>\n<meta property=\"og:locale\" content=\"de_DE\" \/>\n<meta property=\"og:type\" content=\"article\" \/>\n<meta property=\"og:title\" content=\"H\u00e4ufige Fragen - Zoo Austria - Ihr Profi f\u00fcr Terraristik Terraristikshop \u00d6sterreich\" \/>\n<meta property=\"og:description\" content=\"Hier findest du wichtige Informationen. Musst du dein Reptil, Amphibie anmelden, versendet Zoo Austria Reptilien und Amphibien,.....\" \/>\n<meta property=\"og:url\" content=\"https:\/\/www.zooaustria.com\/zooaustria\/fragen-reptil\/\" \/>\n<meta property=\"og:site_name\" content=\"Zoo Austria - Ihr Profi f\u00fcr Terraristik\" \/>\n<meta property=\"article:modified_time\" content=\"2023-12-26T08:59:01+00:00\" \/>\n<meta name=\"twitter:card\" content=\"summary_large_image\" \/>\n<meta name=\"twitter:label1\" content=\"Gesch\u00e4tzte Lesezeit\" \/>\n\t<meta name=\"twitter:data1\" content=\"4\u00a0Minuten\" \/>\n<script type=\"application\/ld+json\" class=\"yoast-schema-graph\">{\"@context\":\"https:\/\/schema.org\",\"@graph\":[{\"@type\":\"WebPage\",\"@id\":\"https:\/\/www.zooaustria.com\/zooaustria\/fragen-reptil\/\",\"url\":\"https:\/\/www.zooaustria.com\/zooaustria\/fragen-reptil\/\",\"name\":\"H\u00e4ufige Fragen - Zoo Austria - Ihr Profi f\u00fcr Terraristik Terraristikshop \u00d6sterreich\",\"isPartOf\":{\"@id\":\"https:\/\/www.zooaustria.com\/zooaustria\/#website\"},\"datePublished\":\"2022-12-05T22:34:55+00:00\",\"dateModified\":\"2023-12-26T08:59:01+00:00\",\"description\":\"Hier findest du wichtige Informationen. Musst du dein Reptil, Amphibie anmelden, versendet Zoo Austria Reptilien und Amphibien,.....\",\"breadcrumb\":{\"@id\":\"https:\/\/www.zooaustria.com\/zooaustria\/fragen-reptil\/#breadcrumb\"},\"inLanguage\":\"de\",\"potentialAction\":[{\"@type\":\"ReadAction\",\"target\":[\"https:\/\/www.zooaustria.com\/zooaustria\/fragen-reptil\/\"]}]},{\"@type\":\"BreadcrumbList\",\"@id\":\"https:\/\/www.zooaustria.com\/zooaustria\/fragen-reptil\/#breadcrumb\",\"itemListElement\":[{\"@type\":\"ListItem\",\"position\":1,\"name\":\"Startseite\",\"item\":\"https:\/\/www.zooaustria.com\/zooaustria\/\"},{\"@type\":\"ListItem\",\"position\":2,\"name\":\"H\u00e4ufige Fragen\"}]},{\"@type\":\"WebSite\",\"@id\":\"https:\/\/www.zooaustria.com\/zooaustria\/#website\",\"url\":\"https:\/\/www.zooaustria.com\/zooaustria\/\",\"name\":\"Zoo Austria - Ihr Profi f\u00fcr Terraristik\",\"description\":\"Terraristikshop\",\"publisher\":{\"@id\":\"https:\/\/www.zooaustria.com\/zooaustria\/#organization\"},\"potentialAction\":[{\"@type\":\"SearchAction\",\"target\":{\"@type\":\"EntryPoint\",\"urlTemplate\":\"https:\/\/www.zooaustria.com\/zooaustria\/?s={search_term_string}\"},\"query-input\":\"required name=search_term_string\"}],\"inLanguage\":\"de\"},{\"@type\":\"Organization\",\"@id\":\"https:\/\/www.zooaustria.com\/zooaustria\/#organization\",\"name\":\"Zoo Austria - Ihr Profi f\u00fcr Terraristik\",\"url\":\"https:\/\/www.zooaustria.com\/zooaustria\/\",\"logo\":{\"@type\":\"ImageObject\",\"inLanguage\":\"de\",\"@id\":\"https:\/\/www.zooaustria.com\/zooaustria\/#\/schema\/logo\/image\/\",\"url\":\"https:\/\/www.zooaustria.com\/zooaustria\/wp-content\/uploads\/2023\/11\/cropped-cropped-ZooAustria-Ihr_Profi_fuer_Terraristik-2-2.jpg\",\"contentUrl\":\"https:\/\/www.zooaustria.com\/zooaustria\/wp-content\/uploads\/2023\/11\/cropped-cropped-ZooAustria-Ihr_Profi_fuer_Terraristik-2-2.jpg\",\"width\":1846,\"height\":1796,\"caption\":\"Zoo Austria - Ihr Profi f\u00fcr Terraristik\"},\"image\":{\"@id\":\"https:\/\/www.zooaustria.com\/zooaustria\/#\/schema\/logo\/image\/\"}}]}<\/script>\n<!-- \/ Yoast SEO plugin. -->","yoast_head_json":{"title":"H\u00e4ufige Fragen - Zoo Austria - Ihr Profi f\u00fcr Terraristik Terraristikshop \u00d6sterreich","description":"Hier findest du wichtige Informationen. Musst du dein Reptil, Amphibie anmelden, versendet Zoo Austria Reptilien und Amphibien,.....","robots":{"index":"index","follow":"follow","max-snippet":"max-snippet:-1","max-image-preview":"max-image-preview:large","max-video-preview":"max-video-preview:-1"},"canonical":"https:\/\/www.zooaustria.com\/zooaustria\/fragen-reptil\/","og_locale":"de_DE","og_type":"article","og_title":"H\u00e4ufige Fragen - Zoo Austria - Ihr Profi f\u00fcr Terraristik Terraristikshop \u00d6sterreich","og_description":"Hier findest du wichtige Informationen. Musst du dein Reptil, Amphibie anmelden, versendet Zoo Austria Reptilien und Amphibien,.....","og_url":"https:\/\/www.zooaustria.com\/zooaustria\/fragen-reptil\/","og_site_name":"Zoo Austria - Ihr Profi f\u00fcr Terraristik","article_modified_time":"2023-12-26T08:59:01+00:00","twitter_card":"summary_large_image","twitter_misc":{"Gesch\u00e4tzte Lesezeit":"4\u00a0Minuten"},"schema":{"@context":"https:\/\/schema.org","@graph":[{"@type":"WebPage","@id":"https:\/\/www.zooaustria.com\/zooaustria\/fragen-reptil\/","url":"https:\/\/www.zooaustria.com\/zooaustria\/fragen-reptil\/","name":"H\u00e4ufige Fragen - Zoo Austria - Ihr Profi f\u00fcr Terraristik Terraristikshop \u00d6sterreich","isPartOf":{"@id":"https:\/\/www.zooaustria.com\/zooaustria\/#website"},"datePublished":"2022-12-05T22:34:55+00:00","dateModified":"2023-12-26T08:59:01+00:00","description":"Hier findest du wichtige Informationen. Musst du dein Reptil, Amphibie anmelden, versendet Zoo Austria Reptilien und Amphibien,.....","breadcrumb":{"@id":"https:\/\/www.zooaustria.com\/zooaustria\/fragen-reptil\/#breadcrumb"},"inLanguage":"de","potentialAction":[{"@type":"ReadAction","target":["https:\/\/www.zooaustria.com\/zooaustria\/fragen-reptil\/"]}]},{"@type":"BreadcrumbList","@id":"https:\/\/www.zooaustria.com\/zooaustria\/fragen-reptil\/#breadcrumb","itemListElement":[{"@type":"ListItem","position":1,"name":"Startseite","item":"https:\/\/www.zooaustria.com\/zooaustria\/"},{"@type":"ListItem","position":2,"name":"H\u00e4ufige Fragen"}]},{"@type":"WebSite","@id":"https:\/\/www.zooaustria.com\/zooaustria\/#website","url":"https:\/\/www.zooaustria.com\/zooaustria\/","name":"Zoo Austria - Ihr Profi f\u00fcr Terraristik","description":"Terraristikshop","publisher":{"@id":"https:\/\/www.zooaustria.com\/zooaustria\/#organization"},"potentialAction":[{"@type":"SearchAction","target":{"@type":"EntryPoint","urlTemplate":"https:\/\/www.zooaustria.com\/zooaustria\/?s={search_term_string}"},"query-input":"required name=search_term_string"}],"inLanguage":"de"},{"@type":"Organization","@id":"https:\/\/www.zooaustria.com\/zooaustria\/#organization","name":"Zoo Austria - Ihr Profi f\u00fcr Terraristik","url":"https:\/\/www.zooaustria.com\/zooaustria\/","logo":{"@type":"ImageObject","inLanguage":"de","@id":"https:\/\/www.zooaustria.com\/zooaustria\/#\/schema\/logo\/image\/","url":"https:\/\/www.zooaustria.com\/zooaustria\/wp-content\/uploads\/2023\/11\/cropped-cropped-ZooAustria-Ihr_Profi_fuer_Terraristik-2-2.jpg","contentUrl":"https:\/\/www.zooaustria.com\/zooaustria\/wp-content\/uploads\/2023\/11\/cropped-cropped-ZooAustria-Ihr_Profi_fuer_Terraristik-2-2.jpg","width":1846,"height":1796,"caption":"Zoo Austria - Ihr Profi f\u00fcr Terraristik"},"image":{"@id":"https:\/\/www.zooaustria.com\/zooaustria\/#\/schema\/logo\/image\/"}}]}},"_links":{"self":[{"href":"https:\/\/www.zooaustria.com\/zooaustria\/wp-json\/wp\/v2\/pages\/1989"}],"collection":[{"href":"https:\/\/www.zooaustria.com\/zooaustria\/wp-json\/wp\/v2\/pages"}],"about":[{"href":"https:\/\/www.zooaustria.com\/zooaustria\/wp-json\/wp\/v2\/types\/page"}],"author":[{"embeddable":true,"href":"https:\/\/www.zooaustria.com\/zooaustria\/wp-json\/wp\/v2\/users\/3"}],"replies":[{"embeddable":true,"href":"https:\/\/www.zooaustria.com\/zooaustria\/wp-json\/wp\/v2\/comments?post=1989"}],"version-history":[{"count":0,"href":"https:\/\/www.zooaustria.com\/zooaustria\/wp-json\/wp\/v2\/pages\/1989\/revisions"}],"wp:attachment":[{"href":"https:\/\/www.zooaustria.com\/zooaustria\/wp-json\/wp\/v2\/media?parent=1989"}],"curies":[{"name":"wp","href":"https:\/\/api.w.org\/{rel}","templated":true}]}}