{"id":564,"date":"2022-12-05T23:37:05","date_gmt":"2022-12-05T22:37:05","guid":{"rendered":"https:\/\/www.zooaustria.com\/zooaustria\/?page_id=564"},"modified":"2023-11-21T14:09:16","modified_gmt":"2023-11-21T13:09:16","slug":"impressum","status":"publish","type":"page","link":"https:\/\/www.zooaustria.com\/zooaustria\/impressum\/","title":{"rendered":"Impressum &#038; Datenschutz"},"content":{"rendered":"<h2><strong>Zoo Austria<\/strong><\/h2>\n<h3><strong>Terraristik Shop f\u00fcr Reptilien &amp; Amphibien<\/strong><\/h3>\n<p><span style=\"font-size: 16px; font-style: normal; font-weight: 400;\"><strong>Inhaber:<\/strong> Bence Nagy<\/span><br \/>\n<strong>Adresse:<\/strong> Walcherstra\u00dfe 17, 1020 Wien<br \/>\n<span style=\"font-size: 16px; font-style: normal; font-weight: 400;\"><strong>ATU<\/strong>:79230315<\/span><br \/>\n<strong>E-Mail:<\/strong> <a href=\"mailto:office@zooaustria.com\">office@zooaustria.com<\/a><br \/>\n<strong>Telefon<\/strong>:<a href=\"phone:+4315961510\">01\/5961510<\/a><\/p>\n<h3>Datenschutz<\/h3>\n<h4 style=\"font-size: 16px; font-style: normal; font-weight: 400;\"><strong style=\"font-size: 16px;\">Ihre pers\u00f6nlichen Daten:<\/strong><\/h4>\n<p style=\"font-size: 16px; font-style: normal; font-weight: 400;\"><strong style=\"font-size: 16px;\"><br \/>\n<\/strong><span style=\"font-size: 16px; font-style: normal; font-weight: 400;\">Wir nehmen den Schutz ihrer Daten ernst.<\/span><span style=\"font-size: 16px; font-style: normal; font-weight: 400;\">\u00a0<\/span><span style=\"font-size: 16px; font-style: normal; font-weight: 400;\">Ihre Daten (E-Mailadresse, Name, sowie Telefonnummer (falls angegeben) werden auf keinen Fall an Dritte weitergegeben. Ihre Daten werden solange aufbewahrt wie es die gesetzlichen Bestimmungen vorsehen.\u00a0<\/span><\/p>\n<h4>Hosting<\/h4>\n<p>Unsere Website wird bei einem professionellen Hosting-Anbieter gehostet. Hierbei werden Logfiles erstellt, die Informationen \u00fcber den Zugriff auf die Website speichern. Diese Informationen k\u00f6nnen IP-Adressen, Browsertyp, Datum und Uhrzeit des Zugriffs, Referrer-URL und die aufgerufene Seite umfassen. Diese Daten dienen der Sicherheit und Analyse der Website und werden nach einer bestimmten Zeit automatisch gel\u00f6scht.<\/p>\n<h4><strong>SSL-Verschl\u00fcsselung:<\/strong><\/h4>\n<p><span style=\"font-size: 16px; font-style: normal; font-weight: 400;\">Diese Website nutzt aus Gr\u00fcnden der Sicherheit und zum Schutz der \u00dcbertragung vertraulicher Inhalte, wie zum Beispiel der Anfragen, die Sie an uns als Seitenbetreiber senden, eine SSL-Verschl\u00fcsselung.\u00a0<\/span><br \/>\nWir weisen darauf hin, dass trotz SSL-Zertifizierung (Secure Socket Layer) die Daten\u00fcbertragung im Internet\u00a0 Sicherheitsl\u00fccken aufweisen kann. Sie erkennen eine SSL-Verbindung an &#8220;https&#8221; und &#8220;Schlosssymbol&#8221;\u00a0 in der Adresszeile ihres Browsers. Wenn sie uns eine E-Mail senden, wird durch SSL\u00a0 ihre Nachricht an uns verschl\u00fcsselt \u00fcbertragen und vor der Einsicht Dritter gesch\u00fctzt.<\/p>\n<h4>Verwendung von Google Fonts<\/h4>\n<p>Diese Website verwendet Google Fonts, einen Dienst der Google Inc. (1600 Amphitheatre Parkway, Mountain View, CA 94043, USA). Die Einbindung der Google Fonts erfolgt durch einen Serveraufruf bei Google (in der Regel in den USA). Dabei wird an den Server \u00fcbermittelt, welche unserer Internetseiten du besucht hast. Auch wird die IP-Adresse des Browsers des Endger\u00e4tes des Besuchers dieser Internetseiten von Google gespeichert.<br \/>\nDie Nutzung von Google Fonts erfolgt im Interesse einer einheitlichen und ansprechenden Darstellung unserer Online-Angebote. Dies stellt ein berechtigtes Interesse im Sinne von Art. 6 Abs. 1 lit. f DSGVO dar.<br \/>\nWeitere Informationen zu Google Fonts findest du unter <a href=\"https:\/\/developers.google.com\/fonts\/faq\" target=\"_new\" rel=\"noopener\">Google Fonts FAQ<\/a> und in der Datenschutzerkl\u00e4rung von Google: <a href=\"https:\/\/policies.google.com\/privacy\" target=\"_new\" rel=\"noopener\">Google Datenschutzerkl\u00e4rung<\/a>.<\/p>\n<h4>Verwendung von Google Maps<\/h4>\n<p>Diese Website verwendet Google Maps API, um geographische Informationen visuell darzustellen. Bei der Nutzung von Google Maps werden von Google auch Daten \u00fcber die Nutzung der Kartenfunktionen durch Besucher erhoben, verarbeitet und genutzt. N\u00e4here Informationen \u00fcber die Datenverarbeitung durch Google kannst du den Google-Datenschutzhinweisen entnehmen: <a href=\"https:\/\/policies.google.com\/privacy\" target=\"_new\" rel=\"noopener\">Google Datenschutzerkl\u00e4rung<\/a>.<\/p>\n<h4>Rechte des Nutzers<\/h4>\n<p>Du hast das Recht, auf Antrag unentgeltlich Auskunft \u00fcber die personenbezogenen Daten, die \u00fcber dich gespeichert wurden, zu erhalten. Weiterhin hast du das Recht auf Berichtigung falscher Daten, Einschr\u00e4nkung der Verarbeitung und L\u00f6schung deiner personenbezogenen Daten, soweit dem keine gesetzlichen Aufbewahrungspflichten entgegenstehen.<\/p>\n<h4>\u00c4nderungen dieser Datenschutzerkl\u00e4rung<\/h4>\n<p>Wir behalten uns vor, diese Datenschutzerkl\u00e4rung bei Bedarf zu aktualisieren, um den Datenschutzrechtlichen Anforderungen und \u00c4nderungen in unserer Website-Implementierung gerecht zu werden. Bitte informiere dich regelm\u00e4\u00dfig \u00fcber den aktuellen Stand dieser Datenschutzerkl\u00e4rung.<br \/>\nStand: [21.11.2023]<\/p>\n<h4><strong>Inhalt externer Seiten:<\/strong><\/h4>\n<p>Wir schlie\u00dfen die Haftung\u00a0 f\u00fcr den Inhalt externer Seiten, die von unserer Website \u00fcber eine Verlinkung zugreifen, aus.<\/p>\n<h4><strong>Auskunft \u00fcber ihre Daten:<\/strong><\/h4>\n<p>Sie haben jederzeit das Recht Auskunft \u00fcber ihre gespeicherten Daten zu erhalten (welche Daten wurden gespeichert, Zweck der Speicherung, Herkunft). Sie k\u00f6nnen uns unter: <a href=\"mailto:office@zooaustria.com\">office@zooaustria.com<\/a> kontaktieren.<\/p>\n<h4>Urheberrecht \u00a9<\/h4>\n<p>Alle Fotos und Texte unterliegen dem Urheberrecht von Zooaustria, die Fotos k\u00f6nnen nur f\u00fcr den pers\u00f6nlichen und informativen Gebrauch genutzt werden. Jede Form der Vervielf\u00e4ltigung, gewerblichen Verwendung (auch in bearbeiteter Version) ist ohne schriftliche Genehmigung untersagt. Alle Inhalte der Website wurden sorgf\u00e4ltig erstellt und recherchiert. Zooaustria schlie\u00dft jegliche Haftung der auf der Seite befindlichen Inhalte aus.<\/p>\n","protected":false},"excerpt":{"rendered":"<p>Zoo Austria Terraristik Shop f\u00fcr Reptilien &amp; Amphibien Inhaber: Bence Nagy Adresse: Walcherstra\u00dfe 17, 1020 Wien ATU:79230315 E-Mail: office@zooaustria.com Telefon:01\/5961510 Datenschutz Ihre pers\u00f6nlichen Daten: Wir nehmen den Schutz ihrer Daten ernst.\u00a0Ihre Daten (E-Mailadresse, Name, sowie Telefonnummer (falls angegeben) werden auf keinen Fall an Dritte weitergegeben. Ihre Daten werden solange aufbewahrt wie es die gesetzlichen Bestimmungen &hellip;<\/p>\n<p class=\"read-more\"> <a class=\"\" href=\"https:\/\/www.zooaustria.com\/zooaustria\/impressum\/\"> <span class=\"screen-reader-text\">Impressum &#038; Datenschutz<\/span> Weiterlesen &raquo;<\/a><\/p>\n","protected":false},"author":3,"featured_media":0,"parent":0,"menu_order":0,"comment_status":"closed","ping_status":"closed","template":"","meta":{"site-sidebar-layout":"default","site-content-layout":"default","ast-global-header-display":"","ast-banner-title-visibility":"","ast-main-header-display":"","ast-hfb-above-header-display":"","ast-hfb-below-header-display":"","ast-hfb-mobile-header-display":"","site-post-title":"","ast-breadcrumbs-content":"","ast-featured-img":"","footer-sml-layout":"","theme-transparent-header-meta":"default","adv-header-id-meta":"","stick-header-meta":"","header-above-stick-meta":"","header-main-stick-meta":"","header-below-stick-meta":""},"yoast_head":"<!-- This site is optimized with the Yoast SEO plugin v21.1 - https:\/\/yoast.com\/wordpress\/plugins\/seo\/ -->\n<title>Impressum &amp; Datenschutz - Zoo Austria - Ihr Profi f\u00fcr Terraristik<\/title>\n<meta name=\"description\" content=\"Terraristikshop, 1020 Wien. Spezialisiert auf Reptilien, Amphibien, Insekten. Futterinsekten, Terrarien, Terrarienpflanzen, Zubeh\u00f6r.....\" \/>\n<meta name=\"robots\" content=\"index, nofollow, max-snippet:-1, max-image-preview:large, max-video-preview:-1\" \/>\n<link rel=\"canonical\" href=\"https:\/\/www.zooaustria.com\/zooaustria\/impressum\/\" \/>\n<meta property=\"og:locale\" content=\"de_DE\" \/>\n<meta property=\"og:type\" content=\"article\" \/>\n<meta property=\"og:title\" content=\"Impressum &amp; Datenschutz - Zoo Austria - Ihr Profi f\u00fcr Terraristik\" \/>\n<meta property=\"og:description\" content=\"Terraristikshop, 1020 Wien. Spezialisiert auf Reptilien, Amphibien, Insekten. Futterinsekten, Terrarien, Terrarienpflanzen, Zubeh\u00f6r.....\" \/>\n<meta property=\"og:url\" content=\"https:\/\/www.zooaustria.com\/zooaustria\/impressum\/\" \/>\n<meta property=\"og:site_name\" content=\"Zoo Austria - Ihr Profi f\u00fcr Terraristik\" \/>\n<meta property=\"article:modified_time\" content=\"2023-11-21T13:09:16+00:00\" \/>\n<meta name=\"twitter:card\" content=\"summary_large_image\" \/>\n<meta name=\"twitter:label1\" content=\"Gesch\u00e4tzte Lesezeit\" \/>\n\t<meta name=\"twitter:data1\" content=\"4\u00a0Minuten\" \/>\n<script type=\"application\/ld+json\" class=\"yoast-schema-graph\">{\"@context\":\"https:\/\/schema.org\",\"@graph\":[{\"@type\":\"WebPage\",\"@id\":\"https:\/\/www.zooaustria.com\/zooaustria\/impressum\/\",\"url\":\"https:\/\/www.zooaustria.com\/zooaustria\/impressum\/\",\"name\":\"Impressum & Datenschutz - Zoo Austria - Ihr Profi f\u00fcr Terraristik\",\"isPartOf\":{\"@id\":\"https:\/\/www.zooaustria.com\/zooaustria\/#website\"},\"datePublished\":\"2022-12-05T22:37:05+00:00\",\"dateModified\":\"2023-11-21T13:09:16+00:00\",\"description\":\"Terraristikshop, 1020 Wien. Spezialisiert auf Reptilien, Amphibien, Insekten. Futterinsekten, Terrarien, Terrarienpflanzen, Zubeh\u00f6r.....\",\"breadcrumb\":{\"@id\":\"https:\/\/www.zooaustria.com\/zooaustria\/impressum\/#breadcrumb\"},\"inLanguage\":\"de\",\"potentialAction\":[{\"@type\":\"ReadAction\",\"target\":[\"https:\/\/www.zooaustria.com\/zooaustria\/impressum\/\"]}]},{\"@type\":\"BreadcrumbList\",\"@id\":\"https:\/\/www.zooaustria.com\/zooaustria\/impressum\/#breadcrumb\",\"itemListElement\":[{\"@type\":\"ListItem\",\"position\":1,\"name\":\"Startseite\",\"item\":\"https:\/\/www.zooaustria.com\/zooaustria\/\"},{\"@type\":\"ListItem\",\"position\":2,\"name\":\"Impressum &#038; Datenschutz\"}]},{\"@type\":\"WebSite\",\"@id\":\"https:\/\/www.zooaustria.com\/zooaustria\/#website\",\"url\":\"https:\/\/www.zooaustria.com\/zooaustria\/\",\"name\":\"Zoo Austria - Ihr Profi f\u00fcr Terraristik\",\"description\":\"Terraristikshop\",\"publisher\":{\"@id\":\"https:\/\/www.zooaustria.com\/zooaustria\/#organization\"},\"potentialAction\":[{\"@type\":\"SearchAction\",\"target\":{\"@type\":\"EntryPoint\",\"urlTemplate\":\"https:\/\/www.zooaustria.com\/zooaustria\/?s={search_term_string}\"},\"query-input\":\"required name=search_term_string\"}],\"inLanguage\":\"de\"},{\"@type\":\"Organization\",\"@id\":\"https:\/\/www.zooaustria.com\/zooaustria\/#organization\",\"name\":\"Zoo Austria - Ihr Profi f\u00fcr Terraristik\",\"url\":\"https:\/\/www.zooaustria.com\/zooaustria\/\",\"logo\":{\"@type\":\"ImageObject\",\"inLanguage\":\"de\",\"@id\":\"https:\/\/www.zooaustria.com\/zooaustria\/#\/schema\/logo\/image\/\",\"url\":\"https:\/\/www.zooaustria.com\/zooaustria\/wp-content\/uploads\/2023\/11\/cropped-cropped-ZooAustria-Ihr_Profi_fuer_Terraristik-2-2.jpg\",\"contentUrl\":\"https:\/\/www.zooaustria.com\/zooaustria\/wp-content\/uploads\/2023\/11\/cropped-cropped-ZooAustria-Ihr_Profi_fuer_Terraristik-2-2.jpg\",\"width\":1846,\"height\":1796,\"caption\":\"Zoo Austria - Ihr Profi f\u00fcr Terraristik\"},\"image\":{\"@id\":\"https:\/\/www.zooaustria.com\/zooaustria\/#\/schema\/logo\/image\/\"}}]}<\/script>\n<!-- \/ Yoast SEO plugin. -->","yoast_head_json":{"title":"Impressum & Datenschutz - Zoo Austria - Ihr Profi f\u00fcr Terraristik","description":"Terraristikshop, 1020 Wien. Spezialisiert auf Reptilien, Amphibien, Insekten. Futterinsekten, Terrarien, Terrarienpflanzen, Zubeh\u00f6r.....","robots":{"index":"index","follow":"nofollow","max-snippet":"max-snippet:-1","max-image-preview":"max-image-preview:large","max-video-preview":"max-video-preview:-1"},"canonical":"https:\/\/www.zooaustria.com\/zooaustria\/impressum\/","og_locale":"de_DE","og_type":"article","og_title":"Impressum & Datenschutz - Zoo Austria - Ihr Profi f\u00fcr Terraristik","og_description":"Terraristikshop, 1020 Wien. Spezialisiert auf Reptilien, Amphibien, Insekten. Futterinsekten, Terrarien, Terrarienpflanzen, Zubeh\u00f6r.....","og_url":"https:\/\/www.zooaustria.com\/zooaustria\/impressum\/","og_site_name":"Zoo Austria - Ihr Profi f\u00fcr Terraristik","article_modified_time":"2023-11-21T13:09:16+00:00","twitter_card":"summary_large_image","twitter_misc":{"Gesch\u00e4tzte Lesezeit":"4\u00a0Minuten"},"schema":{"@context":"https:\/\/schema.org","@graph":[{"@type":"WebPage","@id":"https:\/\/www.zooaustria.com\/zooaustria\/impressum\/","url":"https:\/\/www.zooaustria.com\/zooaustria\/impressum\/","name":"Impressum & Datenschutz - Zoo Austria - Ihr Profi f\u00fcr Terraristik","isPartOf":{"@id":"https:\/\/www.zooaustria.com\/zooaustria\/#website"},"datePublished":"2022-12-05T22:37:05+00:00","dateModified":"2023-11-21T13:09:16+00:00","description":"Terraristikshop, 1020 Wien. Spezialisiert auf Reptilien, Amphibien, Insekten. Futterinsekten, Terrarien, Terrarienpflanzen, Zubeh\u00f6r.....","breadcrumb":{"@id":"https:\/\/www.zooaustria.com\/zooaustria\/impressum\/#breadcrumb"},"inLanguage":"de","potentialAction":[{"@type":"ReadAction","target":["https:\/\/www.zooaustria.com\/zooaustria\/impressum\/"]}]},{"@type":"BreadcrumbList","@id":"https:\/\/www.zooaustria.com\/zooaustria\/impressum\/#breadcrumb","itemListElement":[{"@type":"ListItem","position":1,"name":"Startseite","item":"https:\/\/www.zooaustria.com\/zooaustria\/"},{"@type":"ListItem","position":2,"name":"Impressum &#038; Datenschutz"}]},{"@type":"WebSite","@id":"https:\/\/www.zooaustria.com\/zooaustria\/#website","url":"https:\/\/www.zooaustria.com\/zooaustria\/","name":"Zoo Austria - Ihr Profi f\u00fcr Terraristik","description":"Terraristikshop","publisher":{"@id":"https:\/\/www.zooaustria.com\/zooaustria\/#organization"},"potentialAction":[{"@type":"SearchAction","target":{"@type":"EntryPoint","urlTemplate":"https:\/\/www.zooaustria.com\/zooaustria\/?s={search_term_string}"},"query-input":"required name=search_term_string"}],"inLanguage":"de"},{"@type":"Organization","@id":"https:\/\/www.zooaustria.com\/zooaustria\/#organization","name":"Zoo Austria - Ihr Profi f\u00fcr Terraristik","url":"https:\/\/www.zooaustria.com\/zooaustria\/","logo":{"@type":"ImageObject","inLanguage":"de","@id":"https:\/\/www.zooaustria.com\/zooaustria\/#\/schema\/logo\/image\/","url":"https:\/\/www.zooaustria.com\/zooaustria\/wp-content\/uploads\/2023\/11\/cropped-cropped-ZooAustria-Ihr_Profi_fuer_Terraristik-2-2.jpg","contentUrl":"https:\/\/www.zooaustria.com\/zooaustria\/wp-content\/uploads\/2023\/11\/cropped-cropped-ZooAustria-Ihr_Profi_fuer_Terraristik-2-2.jpg","width":1846,"height":1796,"caption":"Zoo Austria - Ihr Profi f\u00fcr Terraristik"},"image":{"@id":"https:\/\/www.zooaustria.com\/zooaustria\/#\/schema\/logo\/image\/"}}]}},"_links":{"self":[{"href":"https:\/\/www.zooaustria.com\/zooaustria\/wp-json\/wp\/v2\/pages\/564"}],"collection":[{"href":"https:\/\/www.zooaustria.com\/zooaustria\/wp-json\/wp\/v2\/pages"}],"about":[{"href":"https:\/\/www.zooaustria.com\/zooaustria\/wp-json\/wp\/v2\/types\/page"}],"author":[{"embeddable":true,"href":"https:\/\/www.zooaustria.com\/zooaustria\/wp-json\/wp\/v2\/users\/3"}],"replies":[{"embeddable":true,"href":"https:\/\/www.zooaustria.com\/zooaustria\/wp-json\/wp\/v2\/comments?post=564"}],"version-history":[{"count":0,"href":"https:\/\/www.zooaustria.com\/zooaustria\/wp-json\/wp\/v2\/pages\/564\/revisions"}],"wp:attachment":[{"href":"https:\/\/www.zooaustria.com\/zooaustria\/wp-json\/wp\/v2\/media?parent=564"}],"curies":[{"name":"wp","href":"https:\/\/api.w.org\/{rel}","templated":true}]}}