{"id":284,"date":"2017-03-22T18:30:53","date_gmt":"2017-03-22T17:30:53","guid":{"rendered":"http:\/\/www.derseelenhund.at\/zooaustria\/?post_type=product&#038;p=284"},"modified":"2024-03-13T21:19:28","modified_gmt":"2024-03-13T20:19:28","slug":"bartagame-haltung-kaufen","status":"publish","type":"product","link":"https:\/\/www.zooaustria.com\/zooaustria\/terraristik\/bartagame-haltung-kaufen\/","title":{"rendered":"Bartagame &#8211; Pogona vitticeps"},"content":{"rendered":"<h2>Haltung streifenk\u00f6pfige Bartagame:<\/h2>\n<p><strong>Vorkommen:<\/strong> \u00f6stliches Zentralaustralien\u00a0 (Northern Territory, Queensland, Victoria,<br \/>\nNew South Wales, South Australia) in\u00a0Savannen, Halbw\u00fcsten und Trockenw\u00e4ldern<br \/>\n<strong>Gr\u00f6\u00dfe:<\/strong>\u00a0ca. 50cm<br \/>\n<strong>Alter:<\/strong>\u00a0bis zu 20 Jahren<\/p>\n<h3>Futter\/ Ern\u00e4hrung:<\/h3>\n<p>Insekten, wie Heuschrecken,\u00a0Heimchen,\u00a0Grillen, Mehlw\u00fcrmer, Wachsmaden, Schaben<br \/>\npflanzliches Futter, wie (L\u00f6wenzahn, Wegerich, verschiedene K\u00fcchenkr\u00e4uter etc.), und viele Gem\u00fcsesorten (u.a.\u00a0Gurken, Zucchini,\u00a0Karotten, . . .) Vitamin-und Mineralstoffpr\u00e4parat<\/p>\n<h3>Haltung &amp; Terrarium Einrichtung:<\/h3>\n<p><strong>Terrariumtyp:<\/strong> Trockenterrarium<br \/>\n<strong>Mindestgr\u00f6\u00dfe des Terrariums:<\/strong>\u00a0150x70x80cm<br \/>\n<strong>Beleuchtung:<\/strong>\u00a0W\u00e4rmestrahler\u00a0&amp;\u00a0UV-B-Lampen. \u00a0Als Steppenbewohner ben\u00f6tigen die Tiere viel Licht\u00a0um sich wohl zu f\u00fchlen, ideal eignen sich\u00a0Bright Sun-Lampen.<br \/>\n<strong>Temperatur:<\/strong>\u00a0tags\u00fcber\u00a027-35\u00b0C, punktuell bis zu 45\u00b0C, nachts\u00fcber 20\u00b0C<\/p>\n<h3>Einrichtung:<\/h3>\n<p>\u00c4ste und Steine als Kletterm\u00f6glichkeit, Struktur und Versteckm\u00f6glichkeit, erh\u00f6hte Pl\u00e4tze zum sonnen<br \/>\n<strong>Bodengrund:<\/strong> Terrariensand<br \/>\n<strong>Pflanzen:<\/strong> ungiftige Pflanzen, z.B. W\u00fcstengras, Sukkulenten, Tillandsien<\/p>\n<h3>Sozialverhalten \/Lebensweise:<\/h3>\n<p><strong>Sozialverhalten:<\/strong>\u00a0Bartagamen sind Einzelg\u00e4nger, lassen sich in gro\u00dfen Terrarien aber in Gruppen mit mehreren Weibchen und einem (!) M\u00e4nnchen halten.<br \/>\n<strong>Geschlechtsunterscheidung: <\/strong>M\u00e4nnchen haben deutlich sichtbare Hemipenistaschen an der Schwanzwurzel<\/p>\n<h3>Wichtig:<\/h3>\n<p>Die Tiere trinken nur bewegtes Wasser oder von der Pipette\/Tropfen von Bl\u00e4ttern und \u00c4sten. Die Weibchen brauchen zur Eiablage eine hohe Bodengrundschicht<br \/>\n<strong>Winterruhe<\/strong>: ja, die Tiere sollten eine 2-4 monatige Winterruhe halten.<\/p>\n","protected":false},"excerpt":{"rendered":"<p>Bartagame \/ Pogona vitticeps<\/p>\n","protected":false},"featured_media":88,"template":"","meta":{"site-sidebar-layout":"default","site-content-layout":"default","ast-global-header-display":"","ast-banner-title-visibility":"","ast-main-header-display":"","ast-hfb-above-header-display":"","ast-hfb-below-header-display":"","ast-hfb-mobile-header-display":"","site-post-title":"","ast-breadcrumbs-content":"","ast-featured-img":"","footer-sml-layout":"","theme-transparent-header-meta":"default","adv-header-id-meta":"","stick-header-meta":"","header-above-stick-meta":"","header-main-stick-meta":"","header-below-stick-meta":""},"product_cat":[56,101],"product_tag":[],"yoast_head":"<!-- This site is optimized with the Yoast SEO plugin v21.1 - https:\/\/yoast.com\/wordpress\/plugins\/seo\/ -->\n<title>Bartagame - Pogona vitticeps:Haltung-kaufen: Shop Wien<\/title>\n<meta name=\"description\" content=\"Die Bartagame liebt erh\u00f6hte Pl\u00e4tze und Kletterm\u00f6glichkeiten. Bartagamen sind sehr neugierige und aufmerksame Terrarienbewohner. Bei uns erh\u00e4ltlich.\" \/>\n<meta name=\"robots\" content=\"index, follow, max-snippet:-1, max-image-preview:large, max-video-preview:-1\" \/>\n<link rel=\"canonical\" href=\"https:\/\/www.zooaustria.com\/zooaustria\/terraristik\/bartagame-haltung-kaufen\/\" \/>\n<meta property=\"og:locale\" content=\"de_DE\" \/>\n<meta property=\"og:type\" content=\"article\" \/>\n<meta property=\"og:title\" content=\"Bartagame - Pogona vitticeps:Haltung-kaufen: Shop Wien\" \/>\n<meta property=\"og:description\" content=\"Die Bartagame liebt erh\u00f6hte Pl\u00e4tze und Kletterm\u00f6glichkeiten. Bartagamen sind sehr neugierige und aufmerksame Terrarienbewohner. Bei uns erh\u00e4ltlich.\" \/>\n<meta property=\"og:url\" content=\"https:\/\/www.zooaustria.com\/zooaustria\/terraristik\/bartagame-haltung-kaufen\/\" \/>\n<meta property=\"og:site_name\" content=\"Zoo Austria - Ihr Profi f\u00fcr Terraristik\" \/>\n<meta property=\"article:modified_time\" content=\"2024-03-13T20:19:28+00:00\" \/>\n<meta property=\"og:image\" content=\"https:\/\/www.zooaustria.com\/zooaustria\/wp-content\/uploads\/2017\/01\/pogona-vitticeps-bartagame-3597121639_b3e04e4bd7_o.jpg\" \/>\n\t<meta property=\"og:image:width\" content=\"743\" \/>\n\t<meta property=\"og:image:height\" content=\"494\" \/>\n\t<meta property=\"og:image:type\" content=\"image\/jpeg\" \/>\n<meta name=\"twitter:card\" content=\"summary_large_image\" \/>\n<meta name=\"twitter:label1\" content=\"Gesch\u00e4tzte Lesezeit\" \/>\n\t<meta name=\"twitter:data1\" content=\"1\u00a0Minute\" \/>\n<script type=\"application\/ld+json\" class=\"yoast-schema-graph\">{\"@context\":\"https:\/\/schema.org\",\"@graph\":[{\"@type\":\"WebPage\",\"@id\":\"https:\/\/www.zooaustria.com\/zooaustria\/terraristik\/bartagame-haltung-kaufen\/\",\"url\":\"https:\/\/www.zooaustria.com\/zooaustria\/terraristik\/bartagame-haltung-kaufen\/\",\"name\":\"Bartagame - Pogona vitticeps:Haltung-kaufen: Shop Wien\",\"isPartOf\":{\"@id\":\"https:\/\/www.zooaustria.com\/zooaustria\/#website\"},\"datePublished\":\"2017-03-22T17:30:53+00:00\",\"dateModified\":\"2024-03-13T20:19:28+00:00\",\"description\":\"Die Bartagame liebt erh\u00f6hte Pl\u00e4tze und Kletterm\u00f6glichkeiten. Bartagamen sind sehr neugierige und aufmerksame Terrarienbewohner. Bei uns erh\u00e4ltlich.\",\"breadcrumb\":{\"@id\":\"https:\/\/www.zooaustria.com\/zooaustria\/terraristik\/bartagame-haltung-kaufen\/#breadcrumb\"},\"inLanguage\":\"de\",\"potentialAction\":[{\"@type\":\"ReadAction\",\"target\":[\"https:\/\/www.zooaustria.com\/zooaustria\/terraristik\/bartagame-haltung-kaufen\/\"]}]},{\"@type\":\"BreadcrumbList\",\"@id\":\"https:\/\/www.zooaustria.com\/zooaustria\/terraristik\/bartagame-haltung-kaufen\/#breadcrumb\",\"itemListElement\":[{\"@type\":\"ListItem\",\"position\":1,\"name\":\"Startseite\",\"item\":\"https:\/\/www.zooaustria.com\/zooaustria\/\"},{\"@type\":\"ListItem\",\"position\":2,\"name\":\"Terraristik\",\"item\":\"https:\/\/www.zooaustria.com\/zooaustria\/terraristik-haltung-kauf\/\"},{\"@type\":\"ListItem\",\"position\":3,\"name\":\"Bartagame &#8211; Pogona vitticeps\"}]},{\"@type\":\"WebSite\",\"@id\":\"https:\/\/www.zooaustria.com\/zooaustria\/#website\",\"url\":\"https:\/\/www.zooaustria.com\/zooaustria\/\",\"name\":\"Zoo Austria - Ihr Profi f\u00fcr Terraristik\",\"description\":\"Terraristikshop\",\"publisher\":{\"@id\":\"https:\/\/www.zooaustria.com\/zooaustria\/#organization\"},\"potentialAction\":[{\"@type\":\"SearchAction\",\"target\":{\"@type\":\"EntryPoint\",\"urlTemplate\":\"https:\/\/www.zooaustria.com\/zooaustria\/?s={search_term_string}\"},\"query-input\":\"required name=search_term_string\"}],\"inLanguage\":\"de\"},{\"@type\":\"Organization\",\"@id\":\"https:\/\/www.zooaustria.com\/zooaustria\/#organization\",\"name\":\"Zoo Austria - Ihr Profi f\u00fcr Terraristik\",\"url\":\"https:\/\/www.zooaustria.com\/zooaustria\/\",\"logo\":{\"@type\":\"ImageObject\",\"inLanguage\":\"de\",\"@id\":\"https:\/\/www.zooaustria.com\/zooaustria\/#\/schema\/logo\/image\/\",\"url\":\"https:\/\/www.zooaustria.com\/zooaustria\/wp-content\/uploads\/2023\/11\/cropped-cropped-ZooAustria-Ihr_Profi_fuer_Terraristik-2-2.jpg\",\"contentUrl\":\"https:\/\/www.zooaustria.com\/zooaustria\/wp-content\/uploads\/2023\/11\/cropped-cropped-ZooAustria-Ihr_Profi_fuer_Terraristik-2-2.jpg\",\"width\":1846,\"height\":1796,\"caption\":\"Zoo Austria - Ihr Profi f\u00fcr Terraristik\"},\"image\":{\"@id\":\"https:\/\/www.zooaustria.com\/zooaustria\/#\/schema\/logo\/image\/\"}}]}<\/script>\n<!-- \/ Yoast SEO plugin. -->","yoast_head_json":{"title":"Bartagame - Pogona vitticeps:Haltung-kaufen: Shop Wien","description":"Die Bartagame liebt erh\u00f6hte Pl\u00e4tze und Kletterm\u00f6glichkeiten. Bartagamen sind sehr neugierige und aufmerksame Terrarienbewohner. Bei uns erh\u00e4ltlich.","robots":{"index":"index","follow":"follow","max-snippet":"max-snippet:-1","max-image-preview":"max-image-preview:large","max-video-preview":"max-video-preview:-1"},"canonical":"https:\/\/www.zooaustria.com\/zooaustria\/terraristik\/bartagame-haltung-kaufen\/","og_locale":"de_DE","og_type":"article","og_title":"Bartagame - Pogona vitticeps:Haltung-kaufen: Shop Wien","og_description":"Die Bartagame liebt erh\u00f6hte Pl\u00e4tze und Kletterm\u00f6glichkeiten. Bartagamen sind sehr neugierige und aufmerksame Terrarienbewohner. Bei uns erh\u00e4ltlich.","og_url":"https:\/\/www.zooaustria.com\/zooaustria\/terraristik\/bartagame-haltung-kaufen\/","og_site_name":"Zoo Austria - Ihr Profi f\u00fcr Terraristik","article_modified_time":"2024-03-13T20:19:28+00:00","og_image":[{"width":743,"height":494,"url":"https:\/\/www.zooaustria.com\/zooaustria\/wp-content\/uploads\/2017\/01\/pogona-vitticeps-bartagame-3597121639_b3e04e4bd7_o.jpg","type":"image\/jpeg"}],"twitter_card":"summary_large_image","twitter_misc":{"Gesch\u00e4tzte Lesezeit":"1\u00a0Minute"},"schema":{"@context":"https:\/\/schema.org","@graph":[{"@type":"WebPage","@id":"https:\/\/www.zooaustria.com\/zooaustria\/terraristik\/bartagame-haltung-kaufen\/","url":"https:\/\/www.zooaustria.com\/zooaustria\/terraristik\/bartagame-haltung-kaufen\/","name":"Bartagame - Pogona vitticeps:Haltung-kaufen: Shop Wien","isPartOf":{"@id":"https:\/\/www.zooaustria.com\/zooaustria\/#website"},"datePublished":"2017-03-22T17:30:53+00:00","dateModified":"2024-03-13T20:19:28+00:00","description":"Die Bartagame liebt erh\u00f6hte Pl\u00e4tze und Kletterm\u00f6glichkeiten. Bartagamen sind sehr neugierige und aufmerksame Terrarienbewohner. Bei uns erh\u00e4ltlich.","breadcrumb":{"@id":"https:\/\/www.zooaustria.com\/zooaustria\/terraristik\/bartagame-haltung-kaufen\/#breadcrumb"},"inLanguage":"de","potentialAction":[{"@type":"ReadAction","target":["https:\/\/www.zooaustria.com\/zooaustria\/terraristik\/bartagame-haltung-kaufen\/"]}]},{"@type":"BreadcrumbList","@id":"https:\/\/www.zooaustria.com\/zooaustria\/terraristik\/bartagame-haltung-kaufen\/#breadcrumb","itemListElement":[{"@type":"ListItem","position":1,"name":"Startseite","item":"https:\/\/www.zooaustria.com\/zooaustria\/"},{"@type":"ListItem","position":2,"name":"Terraristik","item":"https:\/\/www.zooaustria.com\/zooaustria\/terraristik-haltung-kauf\/"},{"@type":"ListItem","position":3,"name":"Bartagame &#8211; Pogona vitticeps"}]},{"@type":"WebSite","@id":"https:\/\/www.zooaustria.com\/zooaustria\/#website","url":"https:\/\/www.zooaustria.com\/zooaustria\/","name":"Zoo Austria - Ihr Profi f\u00fcr Terraristik","description":"Terraristikshop","publisher":{"@id":"https:\/\/www.zooaustria.com\/zooaustria\/#organization"},"potentialAction":[{"@type":"SearchAction","target":{"@type":"EntryPoint","urlTemplate":"https:\/\/www.zooaustria.com\/zooaustria\/?s={search_term_string}"},"query-input":"required name=search_term_string"}],"inLanguage":"de"},{"@type":"Organization","@id":"https:\/\/www.zooaustria.com\/zooaustria\/#organization","name":"Zoo Austria - Ihr Profi f\u00fcr Terraristik","url":"https:\/\/www.zooaustria.com\/zooaustria\/","logo":{"@type":"ImageObject","inLanguage":"de","@id":"https:\/\/www.zooaustria.com\/zooaustria\/#\/schema\/logo\/image\/","url":"https:\/\/www.zooaustria.com\/zooaustria\/wp-content\/uploads\/2023\/11\/cropped-cropped-ZooAustria-Ihr_Profi_fuer_Terraristik-2-2.jpg","contentUrl":"https:\/\/www.zooaustria.com\/zooaustria\/wp-content\/uploads\/2023\/11\/cropped-cropped-ZooAustria-Ihr_Profi_fuer_Terraristik-2-2.jpg","width":1846,"height":1796,"caption":"Zoo Austria - Ihr Profi f\u00fcr Terraristik"},"image":{"@id":"https:\/\/www.zooaustria.com\/zooaustria\/#\/schema\/logo\/image\/"}}]}},"_links":{"self":[{"href":"https:\/\/www.zooaustria.com\/zooaustria\/wp-json\/wp\/v2\/product\/284"}],"collection":[{"href":"https:\/\/www.zooaustria.com\/zooaustria\/wp-json\/wp\/v2\/product"}],"about":[{"href":"https:\/\/www.zooaustria.com\/zooaustria\/wp-json\/wp\/v2\/types\/product"}],"wp:featuredmedia":[{"embeddable":true,"href":"https:\/\/www.zooaustria.com\/zooaustria\/wp-json\/wp\/v2\/media\/88"}],"wp:attachment":[{"href":"https:\/\/www.zooaustria.com\/zooaustria\/wp-json\/wp\/v2\/media?parent=284"}],"wp:term":[{"taxonomy":"product_cat","embeddable":true,"href":"https:\/\/www.zooaustria.com\/zooaustria\/wp-json\/wp\/v2\/product_cat?post=284"},{"taxonomy":"product_tag","embeddable":true,"href":"https:\/\/www.zooaustria.com\/zooaustria\/wp-json\/wp\/v2\/product_tag?post=284"}],"curies":[{"name":"wp","href":"https:\/\/api.w.org\/{rel}","templated":true}]}}