{"id":338,"date":"2017-03-22T19:15:12","date_gmt":"2017-03-22T18:15:12","guid":{"rendered":"http:\/\/www.derseelenhund.at\/zooaustria\/?post_type=product&#038;p=338"},"modified":"2024-03-13T23:45:01","modified_gmt":"2024-03-13T22:45:01","slug":"leopardgecko-haltung-kauf","status":"publish","type":"product","link":"https:\/\/www.zooaustria.com\/zooaustria\/terraristik\/leopardgecko-haltung-kauf\/","title":{"rendered":"Leopardgecko &#8211; Eublepharis macularius"},"content":{"rendered":"<h2>Haltung Leopardgecko:<\/h2>\n<p><strong>Allgemein: <\/strong> Leopardgeckos besitzen im Gegensatz zu anderen Geckoarten Krallen statt Haftlamellen. Die Geckos sind sehr bewegungsfreudig und k\u00f6nnen sehr zutraulich werden. Der Schwanz kann bei Gefahr abgeworfen werden, w\u00e4chst aber wieder nach. Er dient zus\u00e4tzlich als Fettspeicher f\u00fcr magere Zeiten. Jedes Tier ist einzigartig und hat eine andere Musterung. Der Leopardgecko ist f\u00fcr Anf\u00e4nger geeignet.<\/p>\n<p><strong>Name:\u00a0<\/strong>Eublepharis macularius, pakistanischer Fettschwanzgecko<br \/>\n<strong>Herkunft und Vorkommen<\/strong>: Pakistan, Afghanistan, Irak, Iran, Syrien, Turkmenistan, T\u00fcrkei, Nordindien, in trockenen bis halbtrockenen Steppengebieten<br \/>\n<strong>Gr\u00f6\u00dfe<\/strong>: ca. 25cm<br \/>\n<strong>Alter<\/strong>: ca. 20 Jahre<br \/>\n<strong>Meldepflicht<\/strong>: ja (alle Reptilien in \u00d6sterreich)<\/p>\n<h3>Futter\/Nahrung:<\/h3>\n<p><strong>Futterinsekten<\/strong>: W\u00fcsten-Wanderheuschrecken, Heimchen, Mittelmeer-Steppengrillen, Wachsmaden, Mehlw\u00fcrmer, argentinische Schaben und andere. Die Insekten mit Mineral-und Vitaminpr\u00e4parat best\u00e4uben. Eine Schale mit Sepia Pulver, oder \u00fcber die Steine im Terrarium streuen (Kalziumquelle). F\u00fctterung am besten abends.<br \/>\n<strong>Jungtiere<\/strong>: t\u00e4glich f\u00fcttern<br \/>\n<strong>adulte Tiere:<\/strong> auf Futtermenge achten, da sie schnell an Gewicht zulegen.<\/p>\n<h3>Haltung &amp; Terrarium Einrichtung:<\/h3>\n<p><strong>Terrariumtyp: <\/strong>Trockenterrarium<br \/>\n<strong>Mindestgr\u00f6\u00dfe<\/strong> Terrarium: 100x50x50cm (Paar)<br \/>\n<strong>Temperatur<\/strong>: tags\u00fcber 25-30\u00b0C, punktuell 35\u00b0C, nachts\u00fcber 20-23C\u00b0<br \/>\n<strong>Beleuchtung<\/strong>: W\u00e4rmestrahler, zus\u00e4tzlich ist eine UV-B-Lampe empfehlenswert.<br \/>\n<strong>Beleuchtungsdauer<\/strong>: 10-12 Stunden, sie lieben einen sonnigen Platz um sich aufzuw\u00e4rmen<br \/>\n<strong>Luftfeuchtigkeit<\/strong>: 40-60%<\/p>\n<h4>Einrichtung:<\/h4>\n<p>Einige Steine und \u00c4ste als Struktur. Die Tiere sind zwar Bodenbewohner klettern aber auch gerne, daher sollten Plateaus im Terrarium eingebaut werden. Die \u00c4ste sollten nicht zu glatt sein. Viele Versteckm\u00f6glichkeiten, die enger ausfallen, aus Korkr\u00f6hren, H\u00f6hlen, Steinen anbieten. Eine flache Wasserschale um zu trinken.<br \/>\n<strong>Bodengrund<\/strong>: Terrarienerde-Sandmischung, Lehmsand als Grundschicht. Feuchte Stellen sollten angeboten werden.<br \/>\n<strong>Pflanzen:<\/strong> Moos, Sukkulenten und W\u00fcstengr\u00e4ser, Lithops, Aloe, Haworthia, Tillandsien uvm.<\/p>\n<h3>Sozialverhalten\/Lebensweise:<\/h3>\n<p>Der Leopardgecko ist d\u00e4mmerungs- und nachtaktiv. Die Tiere immer in Gruppen aus einem M\u00e4nnchen mit mehreren Weibchen, oder nur mehreren Weibchen halten. M\u00e4nnchen sind untereinander aggressiv.<br \/>\n<strong>Geschlechtsunterscheidung<\/strong>: M\u00e4nnchen haben deutlich sichtbare Hemipenistaschen sowie Femoralporen (Hautdr\u00fcsen auf der Innenseite der Oberschenkel).<br \/>\n<strong>Eiablage\/Vermehrung: <\/strong>Das Weibchen frisst weniger und f\u00e4ngt an zu graben. nach 50-90 Tagen schl\u00fcpfen die Geckos. Geschlechtsreif sind sie nach ca. 12 Monaten.<\/p>\n<h3>Wichtig:<\/h3>\n<p>Einmal am Tag sollte gespr\u00fcht werden, damit die Luftfeuchtigkeit nicht zu niedrig ist. Damit wird den Tieren der H\u00e4utungsvorgang vereinfacht, der alle 3-4Wochen stattfindet. Um bei der H\u00e4utung zu helfen, kann eine Wetbox eingerichtet werden.<br \/>\n<strong>Winterruhe<\/strong>: ja, 6-12 Wochen, von November-Februar, nachts 10-12\u00b0C, tags\u00fcber bei 15 bis 18\u00b0C.\u00a0Kurz vor der Winterruhe, d\u00fcrfen die Tiere nichts mehr fressen und v\u00f6llig entleert sind. Bevor die Temperatur runter gesetzt wird, muss der Magen leer sein. Die Geckos brauchen weiterhin Wasser, fressen aber in dieser Zeit nicht. Nach der Winterruhe im Laufe von 2 Wochen die Temperatur langsam erh\u00f6hen.<br \/>\n<strong>Empfehlung: <\/strong>Heizstein, Spotstrahler, Wasserschale, LED-Terrarienleuchte<\/p>\n","protected":false},"excerpt":{"rendered":"<p>Leopardgecko \/ Eublepharis macularius<\/p>\n","protected":false},"featured_media":2451,"template":"","meta":{"site-sidebar-layout":"default","site-content-layout":"default","ast-global-header-display":"","ast-banner-title-visibility":"","ast-main-header-display":"","ast-hfb-above-header-display":"","ast-hfb-below-header-display":"","ast-hfb-mobile-header-display":"","site-post-title":"","ast-breadcrumbs-content":"","ast-featured-img":"","footer-sml-layout":"","theme-transparent-header-meta":"default","adv-header-id-meta":"","stick-header-meta":"","header-above-stick-meta":"","header-main-stick-meta":"","header-below-stick-meta":""},"product_cat":[59,101],"product_tag":[],"yoast_head":"<!-- This site is optimized with the Yoast SEO plugin v21.1 - https:\/\/yoast.com\/wordpress\/plugins\/seo\/ -->\n<title>Leopardgecko - Eublepharis macularius Haltung-kaufen: Terraristik Shop Wien<\/title>\n<meta name=\"description\" content=\"Was solltest du beachten wenn du einen Leopardgecko halten m\u00f6chtest. Ist Einzelhaltung besser als Gruppenhaltung? Hier geht es zu wichtigen Infos!\" \/>\n<meta name=\"robots\" content=\"index, follow, max-snippet:-1, max-image-preview:large, max-video-preview:-1\" \/>\n<link rel=\"canonical\" href=\"https:\/\/www.zooaustria.com\/zooaustria\/terraristik\/leopardgecko-haltung-kauf\/\" \/>\n<meta property=\"og:locale\" content=\"de_DE\" \/>\n<meta property=\"og:type\" content=\"article\" \/>\n<meta property=\"og:title\" content=\"Leopardgecko - Eublepharis macularius Haltung-kaufen: Terraristik Shop Wien\" \/>\n<meta property=\"og:description\" content=\"Was solltest du beachten wenn du einen Leopardgecko halten m\u00f6chtest. Ist Einzelhaltung besser als Gruppenhaltung? Hier geht es zu wichtigen Infos!\" \/>\n<meta property=\"og:url\" content=\"https:\/\/www.zooaustria.com\/zooaustria\/terraristik\/leopardgecko-haltung-kauf\/\" \/>\n<meta property=\"og:site_name\" content=\"Zoo Austria - Ihr Profi f\u00fcr Terraristik\" \/>\n<meta property=\"article:modified_time\" content=\"2024-03-13T22:45:01+00:00\" \/>\n<meta property=\"og:image\" content=\"https:\/\/www.zooaustria.com\/zooaustria\/wp-content\/uploads\/2017\/03\/leopardgecko-zooaustria.jpg\" \/>\n\t<meta property=\"og:image:width\" content=\"743\" \/>\n\t<meta property=\"og:image:height\" content=\"494\" \/>\n\t<meta property=\"og:image:type\" content=\"image\/jpeg\" \/>\n<meta name=\"twitter:card\" content=\"summary_large_image\" \/>\n<meta name=\"twitter:label1\" content=\"Gesch\u00e4tzte Lesezeit\" \/>\n\t<meta name=\"twitter:data1\" content=\"3\u00a0Minuten\" \/>\n<script type=\"application\/ld+json\" class=\"yoast-schema-graph\">{\"@context\":\"https:\/\/schema.org\",\"@graph\":[{\"@type\":\"WebPage\",\"@id\":\"https:\/\/www.zooaustria.com\/zooaustria\/terraristik\/leopardgecko-haltung-kauf\/\",\"url\":\"https:\/\/www.zooaustria.com\/zooaustria\/terraristik\/leopardgecko-haltung-kauf\/\",\"name\":\"Leopardgecko - Eublepharis macularius Haltung-kaufen: Terraristik Shop Wien\",\"isPartOf\":{\"@id\":\"https:\/\/www.zooaustria.com\/zooaustria\/#website\"},\"datePublished\":\"2017-03-22T18:15:12+00:00\",\"dateModified\":\"2024-03-13T22:45:01+00:00\",\"description\":\"Was solltest du beachten wenn du einen Leopardgecko halten m\u00f6chtest. Ist Einzelhaltung besser als Gruppenhaltung? Hier geht es zu wichtigen Infos!\",\"breadcrumb\":{\"@id\":\"https:\/\/www.zooaustria.com\/zooaustria\/terraristik\/leopardgecko-haltung-kauf\/#breadcrumb\"},\"inLanguage\":\"de\",\"potentialAction\":[{\"@type\":\"ReadAction\",\"target\":[\"https:\/\/www.zooaustria.com\/zooaustria\/terraristik\/leopardgecko-haltung-kauf\/\"]}]},{\"@type\":\"BreadcrumbList\",\"@id\":\"https:\/\/www.zooaustria.com\/zooaustria\/terraristik\/leopardgecko-haltung-kauf\/#breadcrumb\",\"itemListElement\":[{\"@type\":\"ListItem\",\"position\":1,\"name\":\"Startseite\",\"item\":\"https:\/\/www.zooaustria.com\/zooaustria\/\"},{\"@type\":\"ListItem\",\"position\":2,\"name\":\"Terraristik\",\"item\":\"https:\/\/www.zooaustria.com\/zooaustria\/terraristik-haltung-kauf\/\"},{\"@type\":\"ListItem\",\"position\":3,\"name\":\"Leopardgecko &#8211; Eublepharis macularius\"}]},{\"@type\":\"WebSite\",\"@id\":\"https:\/\/www.zooaustria.com\/zooaustria\/#website\",\"url\":\"https:\/\/www.zooaustria.com\/zooaustria\/\",\"name\":\"Zoo Austria - Ihr Profi f\u00fcr Terraristik\",\"description\":\"Terraristikshop\",\"publisher\":{\"@id\":\"https:\/\/www.zooaustria.com\/zooaustria\/#organization\"},\"potentialAction\":[{\"@type\":\"SearchAction\",\"target\":{\"@type\":\"EntryPoint\",\"urlTemplate\":\"https:\/\/www.zooaustria.com\/zooaustria\/?s={search_term_string}\"},\"query-input\":\"required name=search_term_string\"}],\"inLanguage\":\"de\"},{\"@type\":\"Organization\",\"@id\":\"https:\/\/www.zooaustria.com\/zooaustria\/#organization\",\"name\":\"Zoo Austria - Ihr Profi f\u00fcr Terraristik\",\"url\":\"https:\/\/www.zooaustria.com\/zooaustria\/\",\"logo\":{\"@type\":\"ImageObject\",\"inLanguage\":\"de\",\"@id\":\"https:\/\/www.zooaustria.com\/zooaustria\/#\/schema\/logo\/image\/\",\"url\":\"https:\/\/www.zooaustria.com\/zooaustria\/wp-content\/uploads\/2023\/11\/cropped-cropped-ZooAustria-Ihr_Profi_fuer_Terraristik-2-2.jpg\",\"contentUrl\":\"https:\/\/www.zooaustria.com\/zooaustria\/wp-content\/uploads\/2023\/11\/cropped-cropped-ZooAustria-Ihr_Profi_fuer_Terraristik-2-2.jpg\",\"width\":1846,\"height\":1796,\"caption\":\"Zoo Austria - Ihr Profi f\u00fcr Terraristik\"},\"image\":{\"@id\":\"https:\/\/www.zooaustria.com\/zooaustria\/#\/schema\/logo\/image\/\"}}]}<\/script>\n<!-- \/ Yoast SEO plugin. -->","yoast_head_json":{"title":"Leopardgecko - Eublepharis macularius Haltung-kaufen: Terraristik Shop Wien","description":"Was solltest du beachten wenn du einen Leopardgecko halten m\u00f6chtest. Ist Einzelhaltung besser als Gruppenhaltung? Hier geht es zu wichtigen Infos!","robots":{"index":"index","follow":"follow","max-snippet":"max-snippet:-1","max-image-preview":"max-image-preview:large","max-video-preview":"max-video-preview:-1"},"canonical":"https:\/\/www.zooaustria.com\/zooaustria\/terraristik\/leopardgecko-haltung-kauf\/","og_locale":"de_DE","og_type":"article","og_title":"Leopardgecko - Eublepharis macularius Haltung-kaufen: Terraristik Shop Wien","og_description":"Was solltest du beachten wenn du einen Leopardgecko halten m\u00f6chtest. Ist Einzelhaltung besser als Gruppenhaltung? Hier geht es zu wichtigen Infos!","og_url":"https:\/\/www.zooaustria.com\/zooaustria\/terraristik\/leopardgecko-haltung-kauf\/","og_site_name":"Zoo Austria - Ihr Profi f\u00fcr Terraristik","article_modified_time":"2024-03-13T22:45:01+00:00","og_image":[{"width":743,"height":494,"url":"https:\/\/www.zooaustria.com\/zooaustria\/wp-content\/uploads\/2017\/03\/leopardgecko-zooaustria.jpg","type":"image\/jpeg"}],"twitter_card":"summary_large_image","twitter_misc":{"Gesch\u00e4tzte Lesezeit":"3\u00a0Minuten"},"schema":{"@context":"https:\/\/schema.org","@graph":[{"@type":"WebPage","@id":"https:\/\/www.zooaustria.com\/zooaustria\/terraristik\/leopardgecko-haltung-kauf\/","url":"https:\/\/www.zooaustria.com\/zooaustria\/terraristik\/leopardgecko-haltung-kauf\/","name":"Leopardgecko - Eublepharis macularius Haltung-kaufen: Terraristik Shop Wien","isPartOf":{"@id":"https:\/\/www.zooaustria.com\/zooaustria\/#website"},"datePublished":"2017-03-22T18:15:12+00:00","dateModified":"2024-03-13T22:45:01+00:00","description":"Was solltest du beachten wenn du einen Leopardgecko halten m\u00f6chtest. Ist Einzelhaltung besser als Gruppenhaltung? Hier geht es zu wichtigen Infos!","breadcrumb":{"@id":"https:\/\/www.zooaustria.com\/zooaustria\/terraristik\/leopardgecko-haltung-kauf\/#breadcrumb"},"inLanguage":"de","potentialAction":[{"@type":"ReadAction","target":["https:\/\/www.zooaustria.com\/zooaustria\/terraristik\/leopardgecko-haltung-kauf\/"]}]},{"@type":"BreadcrumbList","@id":"https:\/\/www.zooaustria.com\/zooaustria\/terraristik\/leopardgecko-haltung-kauf\/#breadcrumb","itemListElement":[{"@type":"ListItem","position":1,"name":"Startseite","item":"https:\/\/www.zooaustria.com\/zooaustria\/"},{"@type":"ListItem","position":2,"name":"Terraristik","item":"https:\/\/www.zooaustria.com\/zooaustria\/terraristik-haltung-kauf\/"},{"@type":"ListItem","position":3,"name":"Leopardgecko &#8211; Eublepharis macularius"}]},{"@type":"WebSite","@id":"https:\/\/www.zooaustria.com\/zooaustria\/#website","url":"https:\/\/www.zooaustria.com\/zooaustria\/","name":"Zoo Austria - Ihr Profi f\u00fcr Terraristik","description":"Terraristikshop","publisher":{"@id":"https:\/\/www.zooaustria.com\/zooaustria\/#organization"},"potentialAction":[{"@type":"SearchAction","target":{"@type":"EntryPoint","urlTemplate":"https:\/\/www.zooaustria.com\/zooaustria\/?s={search_term_string}"},"query-input":"required name=search_term_string"}],"inLanguage":"de"},{"@type":"Organization","@id":"https:\/\/www.zooaustria.com\/zooaustria\/#organization","name":"Zoo Austria - Ihr Profi f\u00fcr Terraristik","url":"https:\/\/www.zooaustria.com\/zooaustria\/","logo":{"@type":"ImageObject","inLanguage":"de","@id":"https:\/\/www.zooaustria.com\/zooaustria\/#\/schema\/logo\/image\/","url":"https:\/\/www.zooaustria.com\/zooaustria\/wp-content\/uploads\/2023\/11\/cropped-cropped-ZooAustria-Ihr_Profi_fuer_Terraristik-2-2.jpg","contentUrl":"https:\/\/www.zooaustria.com\/zooaustria\/wp-content\/uploads\/2023\/11\/cropped-cropped-ZooAustria-Ihr_Profi_fuer_Terraristik-2-2.jpg","width":1846,"height":1796,"caption":"Zoo Austria - Ihr Profi f\u00fcr Terraristik"},"image":{"@id":"https:\/\/www.zooaustria.com\/zooaustria\/#\/schema\/logo\/image\/"}}]}},"_links":{"self":[{"href":"https:\/\/www.zooaustria.com\/zooaustria\/wp-json\/wp\/v2\/product\/338"}],"collection":[{"href":"https:\/\/www.zooaustria.com\/zooaustria\/wp-json\/wp\/v2\/product"}],"about":[{"href":"https:\/\/www.zooaustria.com\/zooaustria\/wp-json\/wp\/v2\/types\/product"}],"wp:featuredmedia":[{"embeddable":true,"href":"https:\/\/www.zooaustria.com\/zooaustria\/wp-json\/wp\/v2\/media\/2451"}],"wp:attachment":[{"href":"https:\/\/www.zooaustria.com\/zooaustria\/wp-json\/wp\/v2\/media?parent=338"}],"wp:term":[{"taxonomy":"product_cat","embeddable":true,"href":"https:\/\/www.zooaustria.com\/zooaustria\/wp-json\/wp\/v2\/product_cat?post=338"},{"taxonomy":"product_tag","embeddable":true,"href":"https:\/\/www.zooaustria.com\/zooaustria\/wp-json\/wp\/v2\/product_tag?post=338"}],"curies":[{"name":"wp","href":"https:\/\/api.w.org\/{rel}","templated":true}]}}