{"id":348,"date":"2017-03-22T19:18:47","date_gmt":"2017-03-22T18:18:47","guid":{"rendered":"http:\/\/www.derseelenhund.at\/zooaustria\/?post_type=product&#038;p=348"},"modified":"2024-03-13T22:38:04","modified_gmt":"2024-03-13T21:38:04","slug":"grosser-madagaskar-taggecko","status":"publish","type":"product","link":"https:\/\/www.zooaustria.com\/zooaustria\/terraristik\/grosser-madagaskar-taggecko\/","title":{"rendered":"Gro\u00dfer Madagaskar Taggecko &#8211; Phelsuma grandis"},"content":{"rendered":"<p>Herkunft:\u00a0 Nord-Madagaskar &amp; Nosy Be,\u00a0<strong>in W\u00e4ldern in K\u00fcstenn\u00e4he<\/strong><\/p>\n<p>Gr\u00f6\u00dfe:\u00a021-30cm<\/p>\n<p>Alter:\u00a0bis 20 Jahre<\/p>\n<p>Nahrung:\u00a0Insekten wie\u00a0<strong>Heuschrecken<\/strong>,\u00a0<strong>Heimchen<\/strong>,\u00a0<strong>Grillen<\/strong>, Wachsmaden, Mehlw\u00fcrmer, Zophobas, Fliegen,\u00a0<strong>1x w\u00f6chentlich Gecko Jelly\u00a0<\/strong>oder s\u00fc\u00dfen Fruchtbrei<\/p>\n<p>Mindestgr\u00f6\u00dfe des Terrariums:\u00a0100x50x80cm<\/p>\n<p>Beleuchtung:\u00a0<strong>W\u00e4rmestrahler<\/strong>\u00a0&amp;\u00a0<strong>UV-B-Lampe<\/strong>, m\u00f6glichst\u00a0<strong>viel Licht<\/strong>, ideal ist die\u00a0<strong>Bright Sun-Lampe<\/strong><\/p>\n<p>Temperatur:<strong>\u00a0<\/strong><strong>tags\u00fcber<\/strong>\u00a0<strong>25-30\u00b0C<\/strong>, punktuell 35\u00b0C, nachts\u00fcber ca. 20\u00b0C<\/p>\n<p>Feuchtigkeit:\u00a0<strong>tags\u00fcber 60-70%<\/strong>, nachts\u00fcber 80-100%<\/p>\n<p>Einrichtung:\u00a0viele\u00a0<strong>vertikale und horizontale Kletter\u00e4ste\/Bambusrohre<\/strong>,\u00a0<strong>viele Lebendpflanzen<\/strong>\u00a0wie Efeutute, Bromelien, Ficuse etc., Terrarienerde oder Kokoshumus als Boden, optional Rindenstreu als Deckschicht oder Moos,\u00a0<strong>der Bodengrund sollte immer leicht feucht sein<\/strong><\/p>\n<div class=\"ast-oembed-container\" style=\"height: 100%;\"><iframe title=\"#terraristikshop phelsuma grandis - gro\u00dfer Madagaskar Taggecko\" width=\"500\" height=\"281\" src=\"https:\/\/www.youtube.com\/embed\/UZ6ESoZ6tmk?feature=oembed\" frameborder=\"0\" allow=\"accelerometer; autoplay; clipboard-write; encrypted-media; gyroscope; picture-in-picture; web-share\" allowfullscreen><\/iframe><\/div>\n<p>Sozialverhalten:\u00a0einzeln oder Paarweise halten, adulte gleichgeschlechtliche Tiere vertragen sich nicht<\/p>\n<p>Geschlechtsunterscheidung:\u00a0M\u00e4nnchen haben deutlich ausgepr\u00e4gte Fermoralporen<\/p>\n<p>Sonstiges:\u00a0Die Tiere trinken nur bewegtes Wasser oder von der Pipette\/Tropfen von Bl\u00e4ttern und \u00c4sten.<\/p>\n","protected":false},"excerpt":{"rendered":"<p>Gro\u00dfer Madagaskar-Taggecko \/ Phelsuma grandis<\/p>\n","protected":false},"featured_media":3019,"template":"","meta":{"site-sidebar-layout":"default","site-content-layout":"default","ast-global-header-display":"","ast-banner-title-visibility":"","ast-main-header-display":"","ast-hfb-above-header-display":"","ast-hfb-below-header-display":"","ast-hfb-mobile-header-display":"","site-post-title":"","ast-breadcrumbs-content":"","ast-featured-img":"","footer-sml-layout":"","theme-transparent-header-meta":"default","adv-header-id-meta":"","stick-header-meta":"","header-above-stick-meta":"","header-main-stick-meta":"","header-below-stick-meta":""},"product_cat":[59],"product_tag":[],"yoast_head":"<!-- This site is optimized with the Yoast SEO plugin v21.1 - https:\/\/yoast.com\/wordpress\/plugins\/seo\/ -->\n<title>Gro\u00dfer Madagaskar Taggecko - Phelsuma grandis - Zoo Austria - Ihr Profi f\u00fcr Terraristik<\/title>\n<meta name=\"description\" content=\"Nachzuchten der beliebten Geckos Phelsuma Grandis sind bei uns erh\u00e4ltlich. Nat\u00fcrlich bekommst du bei uns auch alles was f\u00fcr die Haltung wichtig ist.\" \/>\n<meta name=\"robots\" content=\"index, follow, max-snippet:-1, max-image-preview:large, max-video-preview:-1\" \/>\n<link rel=\"canonical\" href=\"https:\/\/www.zooaustria.com\/zooaustria\/terraristik\/grosser-madagaskar-taggecko\/\" \/>\n<meta property=\"og:locale\" content=\"de_DE\" \/>\n<meta property=\"og:type\" content=\"article\" \/>\n<meta property=\"og:title\" content=\"Gro\u00dfer Madagaskar Taggecko - Phelsuma grandis - Zoo Austria - Ihr Profi f\u00fcr Terraristik\" \/>\n<meta property=\"og:description\" content=\"Nachzuchten der beliebten Geckos Phelsuma Grandis sind bei uns erh\u00e4ltlich. Nat\u00fcrlich bekommst du bei uns auch alles was f\u00fcr die Haltung wichtig ist.\" \/>\n<meta property=\"og:url\" content=\"https:\/\/www.zooaustria.com\/zooaustria\/terraristik\/grosser-madagaskar-taggecko\/\" \/>\n<meta property=\"og:site_name\" content=\"Zoo Austria - Ihr Profi f\u00fcr Terraristik\" \/>\n<meta property=\"article:modified_time\" content=\"2024-03-13T21:38:04+00:00\" \/>\n<meta property=\"og:image\" content=\"https:\/\/www.zooaustria.com\/zooaustria\/wp-content\/uploads\/2017\/03\/taggecko.jpg\" \/>\n\t<meta property=\"og:image:width\" content=\"1920\" \/>\n\t<meta property=\"og:image:height\" content=\"1440\" \/>\n\t<meta property=\"og:image:type\" content=\"image\/jpeg\" \/>\n<meta name=\"twitter:card\" content=\"summary_large_image\" \/>\n<meta name=\"twitter:label1\" content=\"Gesch\u00e4tzte Lesezeit\" \/>\n\t<meta name=\"twitter:data1\" content=\"1\u00a0Minute\" \/>\n<script type=\"application\/ld+json\" class=\"yoast-schema-graph\">{\"@context\":\"https:\/\/schema.org\",\"@graph\":[{\"@type\":\"WebPage\",\"@id\":\"https:\/\/www.zooaustria.com\/zooaustria\/terraristik\/grosser-madagaskar-taggecko\/\",\"url\":\"https:\/\/www.zooaustria.com\/zooaustria\/terraristik\/grosser-madagaskar-taggecko\/\",\"name\":\"Gro\u00dfer Madagaskar Taggecko - Phelsuma grandis - Zoo Austria - Ihr Profi f\u00fcr Terraristik\",\"isPartOf\":{\"@id\":\"https:\/\/www.zooaustria.com\/zooaustria\/#website\"},\"datePublished\":\"2017-03-22T18:18:47+00:00\",\"dateModified\":\"2024-03-13T21:38:04+00:00\",\"description\":\"Nachzuchten der beliebten Geckos Phelsuma Grandis sind bei uns erh\u00e4ltlich. Nat\u00fcrlich bekommst du bei uns auch alles was f\u00fcr die Haltung wichtig ist.\",\"breadcrumb\":{\"@id\":\"https:\/\/www.zooaustria.com\/zooaustria\/terraristik\/grosser-madagaskar-taggecko\/#breadcrumb\"},\"inLanguage\":\"de\",\"potentialAction\":[{\"@type\":\"ReadAction\",\"target\":[\"https:\/\/www.zooaustria.com\/zooaustria\/terraristik\/grosser-madagaskar-taggecko\/\"]}]},{\"@type\":\"BreadcrumbList\",\"@id\":\"https:\/\/www.zooaustria.com\/zooaustria\/terraristik\/grosser-madagaskar-taggecko\/#breadcrumb\",\"itemListElement\":[{\"@type\":\"ListItem\",\"position\":1,\"name\":\"Startseite\",\"item\":\"https:\/\/www.zooaustria.com\/zooaustria\/\"},{\"@type\":\"ListItem\",\"position\":2,\"name\":\"Terraristik\",\"item\":\"https:\/\/www.zooaustria.com\/zooaustria\/terraristik-haltung-kauf\/\"},{\"@type\":\"ListItem\",\"position\":3,\"name\":\"Gro\u00dfer Madagaskar Taggecko &#8211; Phelsuma grandis\"}]},{\"@type\":\"WebSite\",\"@id\":\"https:\/\/www.zooaustria.com\/zooaustria\/#website\",\"url\":\"https:\/\/www.zooaustria.com\/zooaustria\/\",\"name\":\"Zoo Austria - Ihr Profi f\u00fcr Terraristik\",\"description\":\"Terraristikshop\",\"publisher\":{\"@id\":\"https:\/\/www.zooaustria.com\/zooaustria\/#organization\"},\"potentialAction\":[{\"@type\":\"SearchAction\",\"target\":{\"@type\":\"EntryPoint\",\"urlTemplate\":\"https:\/\/www.zooaustria.com\/zooaustria\/?s={search_term_string}\"},\"query-input\":\"required name=search_term_string\"}],\"inLanguage\":\"de\"},{\"@type\":\"Organization\",\"@id\":\"https:\/\/www.zooaustria.com\/zooaustria\/#organization\",\"name\":\"Zoo Austria - Ihr Profi f\u00fcr Terraristik\",\"url\":\"https:\/\/www.zooaustria.com\/zooaustria\/\",\"logo\":{\"@type\":\"ImageObject\",\"inLanguage\":\"de\",\"@id\":\"https:\/\/www.zooaustria.com\/zooaustria\/#\/schema\/logo\/image\/\",\"url\":\"https:\/\/www.zooaustria.com\/zooaustria\/wp-content\/uploads\/2023\/11\/cropped-cropped-ZooAustria-Ihr_Profi_fuer_Terraristik-2-2.jpg\",\"contentUrl\":\"https:\/\/www.zooaustria.com\/zooaustria\/wp-content\/uploads\/2023\/11\/cropped-cropped-ZooAustria-Ihr_Profi_fuer_Terraristik-2-2.jpg\",\"width\":1846,\"height\":1796,\"caption\":\"Zoo Austria - Ihr Profi f\u00fcr Terraristik\"},\"image\":{\"@id\":\"https:\/\/www.zooaustria.com\/zooaustria\/#\/schema\/logo\/image\/\"}}]}<\/script>\n<!-- \/ Yoast SEO plugin. -->","yoast_head_json":{"title":"Gro\u00dfer Madagaskar Taggecko - Phelsuma grandis - Zoo Austria - Ihr Profi f\u00fcr Terraristik","description":"Nachzuchten der beliebten Geckos Phelsuma Grandis sind bei uns erh\u00e4ltlich. Nat\u00fcrlich bekommst du bei uns auch alles was f\u00fcr die Haltung wichtig ist.","robots":{"index":"index","follow":"follow","max-snippet":"max-snippet:-1","max-image-preview":"max-image-preview:large","max-video-preview":"max-video-preview:-1"},"canonical":"https:\/\/www.zooaustria.com\/zooaustria\/terraristik\/grosser-madagaskar-taggecko\/","og_locale":"de_DE","og_type":"article","og_title":"Gro\u00dfer Madagaskar Taggecko - Phelsuma grandis - Zoo Austria - Ihr Profi f\u00fcr Terraristik","og_description":"Nachzuchten der beliebten Geckos Phelsuma Grandis sind bei uns erh\u00e4ltlich. Nat\u00fcrlich bekommst du bei uns auch alles was f\u00fcr die Haltung wichtig ist.","og_url":"https:\/\/www.zooaustria.com\/zooaustria\/terraristik\/grosser-madagaskar-taggecko\/","og_site_name":"Zoo Austria - Ihr Profi f\u00fcr Terraristik","article_modified_time":"2024-03-13T21:38:04+00:00","og_image":[{"width":1920,"height":1440,"url":"https:\/\/www.zooaustria.com\/zooaustria\/wp-content\/uploads\/2017\/03\/taggecko.jpg","type":"image\/jpeg"}],"twitter_card":"summary_large_image","twitter_misc":{"Gesch\u00e4tzte Lesezeit":"1\u00a0Minute"},"schema":{"@context":"https:\/\/schema.org","@graph":[{"@type":"WebPage","@id":"https:\/\/www.zooaustria.com\/zooaustria\/terraristik\/grosser-madagaskar-taggecko\/","url":"https:\/\/www.zooaustria.com\/zooaustria\/terraristik\/grosser-madagaskar-taggecko\/","name":"Gro\u00dfer Madagaskar Taggecko - Phelsuma grandis - Zoo Austria - Ihr Profi f\u00fcr Terraristik","isPartOf":{"@id":"https:\/\/www.zooaustria.com\/zooaustria\/#website"},"datePublished":"2017-03-22T18:18:47+00:00","dateModified":"2024-03-13T21:38:04+00:00","description":"Nachzuchten der beliebten Geckos Phelsuma Grandis sind bei uns erh\u00e4ltlich. Nat\u00fcrlich bekommst du bei uns auch alles was f\u00fcr die Haltung wichtig ist.","breadcrumb":{"@id":"https:\/\/www.zooaustria.com\/zooaustria\/terraristik\/grosser-madagaskar-taggecko\/#breadcrumb"},"inLanguage":"de","potentialAction":[{"@type":"ReadAction","target":["https:\/\/www.zooaustria.com\/zooaustria\/terraristik\/grosser-madagaskar-taggecko\/"]}]},{"@type":"BreadcrumbList","@id":"https:\/\/www.zooaustria.com\/zooaustria\/terraristik\/grosser-madagaskar-taggecko\/#breadcrumb","itemListElement":[{"@type":"ListItem","position":1,"name":"Startseite","item":"https:\/\/www.zooaustria.com\/zooaustria\/"},{"@type":"ListItem","position":2,"name":"Terraristik","item":"https:\/\/www.zooaustria.com\/zooaustria\/terraristik-haltung-kauf\/"},{"@type":"ListItem","position":3,"name":"Gro\u00dfer Madagaskar Taggecko &#8211; Phelsuma grandis"}]},{"@type":"WebSite","@id":"https:\/\/www.zooaustria.com\/zooaustria\/#website","url":"https:\/\/www.zooaustria.com\/zooaustria\/","name":"Zoo Austria - Ihr Profi f\u00fcr Terraristik","description":"Terraristikshop","publisher":{"@id":"https:\/\/www.zooaustria.com\/zooaustria\/#organization"},"potentialAction":[{"@type":"SearchAction","target":{"@type":"EntryPoint","urlTemplate":"https:\/\/www.zooaustria.com\/zooaustria\/?s={search_term_string}"},"query-input":"required name=search_term_string"}],"inLanguage":"de"},{"@type":"Organization","@id":"https:\/\/www.zooaustria.com\/zooaustria\/#organization","name":"Zoo Austria - Ihr Profi f\u00fcr Terraristik","url":"https:\/\/www.zooaustria.com\/zooaustria\/","logo":{"@type":"ImageObject","inLanguage":"de","@id":"https:\/\/www.zooaustria.com\/zooaustria\/#\/schema\/logo\/image\/","url":"https:\/\/www.zooaustria.com\/zooaustria\/wp-content\/uploads\/2023\/11\/cropped-cropped-ZooAustria-Ihr_Profi_fuer_Terraristik-2-2.jpg","contentUrl":"https:\/\/www.zooaustria.com\/zooaustria\/wp-content\/uploads\/2023\/11\/cropped-cropped-ZooAustria-Ihr_Profi_fuer_Terraristik-2-2.jpg","width":1846,"height":1796,"caption":"Zoo Austria - Ihr Profi f\u00fcr Terraristik"},"image":{"@id":"https:\/\/www.zooaustria.com\/zooaustria\/#\/schema\/logo\/image\/"}}]}},"_links":{"self":[{"href":"https:\/\/www.zooaustria.com\/zooaustria\/wp-json\/wp\/v2\/product\/348"}],"collection":[{"href":"https:\/\/www.zooaustria.com\/zooaustria\/wp-json\/wp\/v2\/product"}],"about":[{"href":"https:\/\/www.zooaustria.com\/zooaustria\/wp-json\/wp\/v2\/types\/product"}],"wp:featuredmedia":[{"embeddable":true,"href":"https:\/\/www.zooaustria.com\/zooaustria\/wp-json\/wp\/v2\/media\/3019"}],"wp:attachment":[{"href":"https:\/\/www.zooaustria.com\/zooaustria\/wp-json\/wp\/v2\/media?parent=348"}],"wp:term":[{"taxonomy":"product_cat","embeddable":true,"href":"https:\/\/www.zooaustria.com\/zooaustria\/wp-json\/wp\/v2\/product_cat?post=348"},{"taxonomy":"product_tag","embeddable":true,"href":"https:\/\/www.zooaustria.com\/zooaustria\/wp-json\/wp\/v2\/product_tag?post=348"}],"curies":[{"name":"wp","href":"https:\/\/api.w.org\/{rel}","templated":true}]}}