{"id":360,"date":"2017-03-22T19:40:36","date_gmt":"2017-03-22T18:40:36","guid":{"rendered":"http:\/\/www.derseelenhund.at\/zooaustria\/?post_type=product&#038;p=360"},"modified":"2024-02-24T23:10:58","modified_gmt":"2024-02-24T22:10:58","slug":"fidschi-leguan-kaufen","status":"publish","type":"product","link":"https:\/\/www.zooaustria.com\/zooaustria\/terraristik\/fidschi-leguan-kaufen\/","title":{"rendered":"Fidschi Leguan (Brachylophus)"},"content":{"rendered":"<h3>Haltung Fidschi Leguan:<\/h3>\n<p><strong>Allgemein: <\/strong>Die hellgr\u00fcn-dunkelgr\u00fcne Zeichnung ist bei jedem Fidschi Leguan einzigartig. In der Paarungszeit, wenn das M\u00e4nnchen einen Konkurrenten sieht, oder ein Weibchen, wechselt die Gr\u00fcnf\u00e4rbung in dunkelgr\u00fcn bis hin zu schwarz. Er ist Baumbewohner und kommt nur zur Eiablage, oder Fluchtsituation, auf den Boden. Bei aufmerksamer Pflege kann der Fidschi-Leguan sehr zahm werden.<\/p>\n<p><strong>Name: <\/strong>Brachylophus fasciatus, Kurzkammleguan<br \/>\n<strong>Herkunft und Vorkommen:<\/strong> Fidschi-Inseln &amp; Tonga. Lebt auf B\u00e4umen und hohen Str\u00e4uchern, in tropischen W\u00e4ldern. Sie halten sich in K\u00fcstenn\u00e4he, bzw. in der N\u00e4he von Wasser auf.<br \/>\n<strong>Gr\u00f6\u00dfe<\/strong>: ca. 70 &#8211; 100 cm<br \/>\n<strong>Alter<\/strong>: 20-25 Jahre<br \/>\n<strong>Meldepflicht:<\/strong> ja (alle Reptilien in \u00d6sterreich)<\/p>\n<h3>Futter\/Nahrung:<\/h3>\n<p>Der Fidschi-Leguan ern\u00e4hrt sich haupts\u00e4chlich pflanzlich.<br \/>\n<strong>Futterpflanzen<\/strong>: Bl\u00e4tter, Gr\u00e4ser und Bl\u00fcten (Bsp. L\u00f6wenzahn, Wegerich, Salate, Hibiskusbl\u00fcten, Bl\u00fctenpollen uvm.), Kr\u00e4uter, Gem\u00fcse auch Wurzelgem\u00fcse (Bsp. Gurke, Zucchini, Paprika, Karotten)\u00a0 und Obst (Bsp. Papaya, Banane, Apfel, Trauben, Mango, Maulbeeren).<br \/>\n<strong>Futterinsekten<\/strong>: W\u00fcsten-und Wanderheuschrecken, Heimchen, Mittelmehr-Steppengrillen, Wachsmaden, Schaben, K\u00e4ferlarven (z.B. Zophobas=Schwarzk\u00e4ferlarven) uvm.<br \/>\n<strong>Bei Jungtieren:<\/strong> Insektenf\u00fctterung t\u00e4glich.<br \/>\n<strong>Adulte Tiere:<\/strong> Insekten 2-3 mal w\u00f6chentlich.<br \/>\nPflanzliche Kost wird t\u00e4glich verf\u00fcttert. Einen Tag in der Woche ist ein Fastentag bei adulten Tieren m\u00f6glich. Futterinsekten regelm\u00e4\u00dfig mit Mineral-Vitaminpr\u00e4parat best\u00e4uben.\u00a0 Eine Schale mit geriebener Sepia Schale zur Verf\u00fcgung stellen.<br \/>\n<iframe title=\"YouTube video player\" src=\"https:\/\/www.youtube-nocookie.com\/embed\/YnfnvT9Pa5U\" width=\"560\" height=\"315\" frameborder=\"0\" allowfullscreen=\"allowfullscreen\"><\/iframe><\/p>\n<h3>Haltung &amp; Terrarium Einrichtung:<\/h3>\n<p><strong>Terrarium Typ<\/strong>: Regenwaldterrarium<br \/>\n<strong>Mindestgr\u00f6\u00dfe Terrarium<\/strong>: 160x80x120cm (f\u00fcr ein Paar)<br \/>\n<strong>Temperatur<\/strong>: 24\u00b0C -32\u00b0C , nachts\u00a0 20-24\u00b0C.<br \/>\n<strong>Beleuchtung<\/strong>: W\u00e4rmespot &amp; UV-B-Lampe (hoher Wert), die Tiere brauchen viel Licht. Am besten eignet sich die Bright Sun-Lampe.<br \/>\n<strong>Beleuchtungsdauer:<\/strong> 12 Stunden<br \/>\n<strong>Luftfeuchtigkeit<\/strong>:60%-80%<\/p>\n<h3><strong>Einrichtung<\/strong>:<\/h3>\n<p>Da sie Baumbewohner sind braucht es viele dicke \u00c4ste, aus Akazie oder Kork, in vertikaler und horizontaler Ausrichtung. Eine dichte Bepflanzung bietet Versteckm\u00f6glichkeiten. Eine Schale mit Frischwasser sollte immer zur Verf\u00fcgung stehen.<br \/>\n<strong>Bodengrund:<\/strong> feiner Sand, Terrarienerde und Kokosfaserhumus. Als Deckschicht eignet sich Pinienrinde oder Moos. Der Bodengrund sollte immer leicht feucht gehalten werden.<br \/>\n<strong>Pflanzen<\/strong>: Da die Tiere sich haupts\u00e4chlich vegetarisch ern\u00e4hren ist auf die Auswahl der Pflanzen zu achten. Efeututen (bspw. Pothos), Kletterficus, Bromelien, Bambus, Philodendronarten, Nephthytis uvm. sind unbedenklich.<\/p>\n<h3>Sozialverhalten\/Lebensweise:<\/h3>\n<p><strong>Sozialverhalten<\/strong>: Brachylophus fasciatus sind tagaktiv. M\u00f6glich ist eine Einzelhaltung, oder 2 Weibchen ohne M\u00e4nnchen. Wenn M\u00e4nnchen und Weibchen zusammengehalten werden, sollte auf ausreichend Ausweichm\u00f6glichkeiten f\u00fcr das Weibchen geachtet werden. Paarweise Haltung klappt oft nur einige Monate, dann muss dem Weibchen eine Pause vom Paarungstrieb des M\u00e4nnchens gegeben werden. Adulte M\u00e4nnchen vertragen sich untereinander nicht.<br \/>\n<strong>Geschlechtsunterscheidung<\/strong>: Die M\u00e4nnchen weisen kr\u00e4ftige blauwei\u00dfe Streifen an den K\u00f6rperseiten auf.<br \/>\n<strong>Eiablage\/Vermehrung:<\/strong> Der Fidschi Leguan erreicht die Geschlechtsreife mit 1-2 Jahren. Die Paarungszeit beginnt im November. Das Weibchen legt 3-6 weichschalige Eier pro Jahr. F\u00fcr die Eiablage ist eine hohe Schicht Boden notwendig, da das Weibchen H\u00f6hlen f\u00fcr ihre Brut gr\u00e4bt. Die Leguane schl\u00fcpfen nach 150-200 Tagen.<\/p>\n<h4>Wichtig:<\/h4>\n<p>Das Terrarium sollte gut bel\u00fcftet sein mit hoher Luftfeuchtigkeit. Daf\u00fcr 1-2mal t\u00e4glich Vegetation mit Wasser einspr\u00fchen, oder eine Beregnungsanlage installieren.<br \/>\nDie Leguane trinken nur bewegtes Wasser und lecken die Tropfen von \u00c4sten und Bl\u00e4ttern ab. Alternativ kann man sie auch mit einer Pipette zum Trinken anregen.<br \/>\n<strong>Sommer:<\/strong> Im Sommer ist eine Freilandhaltung m\u00f6glich. Der R\u00fcckzug in etwas k\u00fchlere Ecken sollte immer da sein. Die Temperatur darf nie unter 20\u00b0C fallen.<\/p>\n<p><strong>Empfehlung:<\/strong> Beregnungsanlage, dicke \u00c4ste und viele Pflanzen, Vitamin-Mineralienpr\u00e4parat&#8230;.<\/p>\n","protected":false},"excerpt":{"rendered":"<p>Fidschi Leguan \/ Brachylophus fasciatus<\/p>\n","protected":false},"featured_media":2449,"template":"","meta":{"site-sidebar-layout":"default","site-content-layout":"default","ast-global-header-display":"","ast-banner-title-visibility":"","ast-main-header-display":"","ast-hfb-above-header-display":"","ast-hfb-below-header-display":"","ast-hfb-mobile-header-display":"","site-post-title":"","ast-breadcrumbs-content":"","ast-featured-img":"","footer-sml-layout":"","theme-transparent-header-meta":"default","adv-header-id-meta":"","stick-header-meta":"","header-above-stick-meta":"","header-main-stick-meta":"","header-below-stick-meta":""},"product_cat":[60,120,101],"product_tag":[],"yoast_head":"<!-- This site is optimized with the Yoast SEO plugin v21.1 - https:\/\/yoast.com\/wordpress\/plugins\/seo\/ -->\n<title>Fidschi Leguan (Brachylophus) Haltung-Kauf: Terraristik Shop<\/title>\n<meta name=\"description\" content=\"Der Fidschi Leguan (Brachylophus) hat eine wundersch\u00f6ne gr\u00fcn geb\u00e4nderte Farbzeichnung. Eigene Nachzucht, erh\u00e4tlich bei uns. Terraristik Wien\" \/>\n<meta name=\"robots\" content=\"index, follow, max-snippet:-1, max-image-preview:large, max-video-preview:-1\" \/>\n<link rel=\"canonical\" href=\"https:\/\/www.zooaustria.com\/zooaustria\/terraristik\/fidschi-leguan-kaufen\/\" \/>\n<meta property=\"og:locale\" content=\"de_DE\" \/>\n<meta property=\"og:type\" content=\"article\" \/>\n<meta property=\"og:title\" content=\"Fidschi Leguan (Brachylophus) Haltung-Kauf: Terraristik Shop\" \/>\n<meta property=\"og:description\" content=\"Der Fidschi Leguan (Brachylophus) hat eine wundersch\u00f6ne gr\u00fcn geb\u00e4nderte Farbzeichnung. Eigene Nachzucht, erh\u00e4tlich bei uns. Terraristik Wien\" \/>\n<meta property=\"og:url\" content=\"https:\/\/www.zooaustria.com\/zooaustria\/terraristik\/fidschi-leguan-kaufen\/\" \/>\n<meta property=\"og:site_name\" content=\"Zoo Austria - Ihr Profi f\u00fcr Terraristik\" \/>\n<meta property=\"article:modified_time\" content=\"2024-02-24T22:10:58+00:00\" \/>\n<meta property=\"og:image\" content=\"https:\/\/www.zooaustria.com\/zooaustria\/wp-content\/uploads\/2017\/03\/Brachylophus-fasciatus-paar-02.jpg\" \/>\n\t<meta property=\"og:image:width\" content=\"743\" \/>\n\t<meta property=\"og:image:height\" content=\"494\" \/>\n\t<meta property=\"og:image:type\" content=\"image\/jpeg\" \/>\n<meta name=\"twitter:card\" content=\"summary_large_image\" \/>\n<meta name=\"twitter:label1\" content=\"Gesch\u00e4tzte Lesezeit\" \/>\n\t<meta name=\"twitter:data1\" content=\"3\u00a0Minuten\" \/>\n<script type=\"application\/ld+json\" class=\"yoast-schema-graph\">{\"@context\":\"https:\/\/schema.org\",\"@graph\":[{\"@type\":\"WebPage\",\"@id\":\"https:\/\/www.zooaustria.com\/zooaustria\/terraristik\/fidschi-leguan-kaufen\/\",\"url\":\"https:\/\/www.zooaustria.com\/zooaustria\/terraristik\/fidschi-leguan-kaufen\/\",\"name\":\"Fidschi Leguan (Brachylophus) Haltung-Kauf: Terraristik Shop\",\"isPartOf\":{\"@id\":\"https:\/\/www.zooaustria.com\/zooaustria\/#website\"},\"datePublished\":\"2017-03-22T18:40:36+00:00\",\"dateModified\":\"2024-02-24T22:10:58+00:00\",\"description\":\"Der Fidschi Leguan (Brachylophus) hat eine wundersch\u00f6ne gr\u00fcn geb\u00e4nderte Farbzeichnung. Eigene Nachzucht, erh\u00e4tlich bei uns. Terraristik Wien\",\"breadcrumb\":{\"@id\":\"https:\/\/www.zooaustria.com\/zooaustria\/terraristik\/fidschi-leguan-kaufen\/#breadcrumb\"},\"inLanguage\":\"de\",\"potentialAction\":[{\"@type\":\"ReadAction\",\"target\":[\"https:\/\/www.zooaustria.com\/zooaustria\/terraristik\/fidschi-leguan-kaufen\/\"]}]},{\"@type\":\"BreadcrumbList\",\"@id\":\"https:\/\/www.zooaustria.com\/zooaustria\/terraristik\/fidschi-leguan-kaufen\/#breadcrumb\",\"itemListElement\":[{\"@type\":\"ListItem\",\"position\":1,\"name\":\"Startseite\",\"item\":\"https:\/\/www.zooaustria.com\/zooaustria\/\"},{\"@type\":\"ListItem\",\"position\":2,\"name\":\"Terraristik\",\"item\":\"https:\/\/www.zooaustria.com\/zooaustria\/terraristik-haltung-kauf\/\"},{\"@type\":\"ListItem\",\"position\":3,\"name\":\"Fidschi Leguan (Brachylophus)\"}]},{\"@type\":\"WebSite\",\"@id\":\"https:\/\/www.zooaustria.com\/zooaustria\/#website\",\"url\":\"https:\/\/www.zooaustria.com\/zooaustria\/\",\"name\":\"Zoo Austria - Ihr Profi f\u00fcr Terraristik\",\"description\":\"Terraristikshop\",\"publisher\":{\"@id\":\"https:\/\/www.zooaustria.com\/zooaustria\/#organization\"},\"potentialAction\":[{\"@type\":\"SearchAction\",\"target\":{\"@type\":\"EntryPoint\",\"urlTemplate\":\"https:\/\/www.zooaustria.com\/zooaustria\/?s={search_term_string}\"},\"query-input\":\"required name=search_term_string\"}],\"inLanguage\":\"de\"},{\"@type\":\"Organization\",\"@id\":\"https:\/\/www.zooaustria.com\/zooaustria\/#organization\",\"name\":\"Zoo Austria - Ihr Profi f\u00fcr Terraristik\",\"url\":\"https:\/\/www.zooaustria.com\/zooaustria\/\",\"logo\":{\"@type\":\"ImageObject\",\"inLanguage\":\"de\",\"@id\":\"https:\/\/www.zooaustria.com\/zooaustria\/#\/schema\/logo\/image\/\",\"url\":\"https:\/\/www.zooaustria.com\/zooaustria\/wp-content\/uploads\/2023\/11\/cropped-cropped-ZooAustria-Ihr_Profi_fuer_Terraristik-2-2.jpg\",\"contentUrl\":\"https:\/\/www.zooaustria.com\/zooaustria\/wp-content\/uploads\/2023\/11\/cropped-cropped-ZooAustria-Ihr_Profi_fuer_Terraristik-2-2.jpg\",\"width\":1846,\"height\":1796,\"caption\":\"Zoo Austria - Ihr Profi f\u00fcr Terraristik\"},\"image\":{\"@id\":\"https:\/\/www.zooaustria.com\/zooaustria\/#\/schema\/logo\/image\/\"}}]}<\/script>\n<!-- \/ Yoast SEO plugin. -->","yoast_head_json":{"title":"Fidschi Leguan (Brachylophus) Haltung-Kauf: Terraristik Shop","description":"Der Fidschi Leguan (Brachylophus) hat eine wundersch\u00f6ne gr\u00fcn geb\u00e4nderte Farbzeichnung. Eigene Nachzucht, erh\u00e4tlich bei uns. Terraristik Wien","robots":{"index":"index","follow":"follow","max-snippet":"max-snippet:-1","max-image-preview":"max-image-preview:large","max-video-preview":"max-video-preview:-1"},"canonical":"https:\/\/www.zooaustria.com\/zooaustria\/terraristik\/fidschi-leguan-kaufen\/","og_locale":"de_DE","og_type":"article","og_title":"Fidschi Leguan (Brachylophus) Haltung-Kauf: Terraristik Shop","og_description":"Der Fidschi Leguan (Brachylophus) hat eine wundersch\u00f6ne gr\u00fcn geb\u00e4nderte Farbzeichnung. Eigene Nachzucht, erh\u00e4tlich bei uns. Terraristik Wien","og_url":"https:\/\/www.zooaustria.com\/zooaustria\/terraristik\/fidschi-leguan-kaufen\/","og_site_name":"Zoo Austria - Ihr Profi f\u00fcr Terraristik","article_modified_time":"2024-02-24T22:10:58+00:00","og_image":[{"width":743,"height":494,"url":"https:\/\/www.zooaustria.com\/zooaustria\/wp-content\/uploads\/2017\/03\/Brachylophus-fasciatus-paar-02.jpg","type":"image\/jpeg"}],"twitter_card":"summary_large_image","twitter_misc":{"Gesch\u00e4tzte Lesezeit":"3\u00a0Minuten"},"schema":{"@context":"https:\/\/schema.org","@graph":[{"@type":"WebPage","@id":"https:\/\/www.zooaustria.com\/zooaustria\/terraristik\/fidschi-leguan-kaufen\/","url":"https:\/\/www.zooaustria.com\/zooaustria\/terraristik\/fidschi-leguan-kaufen\/","name":"Fidschi Leguan (Brachylophus) Haltung-Kauf: Terraristik Shop","isPartOf":{"@id":"https:\/\/www.zooaustria.com\/zooaustria\/#website"},"datePublished":"2017-03-22T18:40:36+00:00","dateModified":"2024-02-24T22:10:58+00:00","description":"Der Fidschi Leguan (Brachylophus) hat eine wundersch\u00f6ne gr\u00fcn geb\u00e4nderte Farbzeichnung. Eigene Nachzucht, erh\u00e4tlich bei uns. Terraristik Wien","breadcrumb":{"@id":"https:\/\/www.zooaustria.com\/zooaustria\/terraristik\/fidschi-leguan-kaufen\/#breadcrumb"},"inLanguage":"de","potentialAction":[{"@type":"ReadAction","target":["https:\/\/www.zooaustria.com\/zooaustria\/terraristik\/fidschi-leguan-kaufen\/"]}]},{"@type":"BreadcrumbList","@id":"https:\/\/www.zooaustria.com\/zooaustria\/terraristik\/fidschi-leguan-kaufen\/#breadcrumb","itemListElement":[{"@type":"ListItem","position":1,"name":"Startseite","item":"https:\/\/www.zooaustria.com\/zooaustria\/"},{"@type":"ListItem","position":2,"name":"Terraristik","item":"https:\/\/www.zooaustria.com\/zooaustria\/terraristik-haltung-kauf\/"},{"@type":"ListItem","position":3,"name":"Fidschi Leguan (Brachylophus)"}]},{"@type":"WebSite","@id":"https:\/\/www.zooaustria.com\/zooaustria\/#website","url":"https:\/\/www.zooaustria.com\/zooaustria\/","name":"Zoo Austria - Ihr Profi f\u00fcr Terraristik","description":"Terraristikshop","publisher":{"@id":"https:\/\/www.zooaustria.com\/zooaustria\/#organization"},"potentialAction":[{"@type":"SearchAction","target":{"@type":"EntryPoint","urlTemplate":"https:\/\/www.zooaustria.com\/zooaustria\/?s={search_term_string}"},"query-input":"required name=search_term_string"}],"inLanguage":"de"},{"@type":"Organization","@id":"https:\/\/www.zooaustria.com\/zooaustria\/#organization","name":"Zoo Austria - Ihr Profi f\u00fcr Terraristik","url":"https:\/\/www.zooaustria.com\/zooaustria\/","logo":{"@type":"ImageObject","inLanguage":"de","@id":"https:\/\/www.zooaustria.com\/zooaustria\/#\/schema\/logo\/image\/","url":"https:\/\/www.zooaustria.com\/zooaustria\/wp-content\/uploads\/2023\/11\/cropped-cropped-ZooAustria-Ihr_Profi_fuer_Terraristik-2-2.jpg","contentUrl":"https:\/\/www.zooaustria.com\/zooaustria\/wp-content\/uploads\/2023\/11\/cropped-cropped-ZooAustria-Ihr_Profi_fuer_Terraristik-2-2.jpg","width":1846,"height":1796,"caption":"Zoo Austria - Ihr Profi f\u00fcr Terraristik"},"image":{"@id":"https:\/\/www.zooaustria.com\/zooaustria\/#\/schema\/logo\/image\/"}}]}},"_links":{"self":[{"href":"https:\/\/www.zooaustria.com\/zooaustria\/wp-json\/wp\/v2\/product\/360"}],"collection":[{"href":"https:\/\/www.zooaustria.com\/zooaustria\/wp-json\/wp\/v2\/product"}],"about":[{"href":"https:\/\/www.zooaustria.com\/zooaustria\/wp-json\/wp\/v2\/types\/product"}],"wp:featuredmedia":[{"embeddable":true,"href":"https:\/\/www.zooaustria.com\/zooaustria\/wp-json\/wp\/v2\/media\/2449"}],"wp:attachment":[{"href":"https:\/\/www.zooaustria.com\/zooaustria\/wp-json\/wp\/v2\/media?parent=360"}],"wp:term":[{"taxonomy":"product_cat","embeddable":true,"href":"https:\/\/www.zooaustria.com\/zooaustria\/wp-json\/wp\/v2\/product_cat?post=360"},{"taxonomy":"product_tag","embeddable":true,"href":"https:\/\/www.zooaustria.com\/zooaustria\/wp-json\/wp\/v2\/product_tag?post=360"}],"curies":[{"name":"wp","href":"https:\/\/api.w.org\/{rel}","templated":true}]}}